{"id":6221,"date":"2023-12-01T19:43:46","date_gmt":"2023-12-01T22:43:46","guid":{"rendered":"https:\/\/iesmarchetti-tuc.infd.edu.ar\/sitio\/?page_id=6221"},"modified":"2025-02-10T02:11:21","modified_gmt":"2025-02-10T05:11:21","slug":"mesas-de-examen-2024","status":"publish","type":"page","link":"https:\/\/iesmarchetti-tuc.infd.edu.ar\/sitio\/mesas-de-examen-2024\/","title":{"rendered":"MESAS DE EXAMEN 2025"},"content":{"rendered":"\n<p><\/p>\n\n\n\n<h1 class=\"wp-block-heading has-text-align-center\">Febrero &#8211; Marzo 2025<\/h1>\n\n\n\n<p><\/p>\n\n\n\n<h1 class=\"wp-block-heading has-text-align-center has-large-font-size\">Dos Llamados<\/h1>\n\n\n\n<h2 class=\"wp-block-heading has-large-font-size\">Cooperadora pondr\u00e1 a la venta los partes de examen y constancia los d\u00edas 12, 13 Y 14 de Febrero del 2025 de 18:30 a 20:30<\/h2>\n\n\n\n<p>Se recuerda que es 1 (un) parte por cada a\u00f1o de las materias, por ejemplo: 1 (un) parte para las materias de 1er a\u00f1o, 1 (un) parte para las de 2do a\u00f1o, etc.<\/p>\n\n\n\n<p><strong><em>INSCRIPCI\u00d3N CON SU RESPECTIV@ PRECEPTOR LOS D\u00cdAS 12, 13 Y 14 DE FEBRERO 2025 DE 18:30 A 20:30<\/em><\/strong><\/p>\n\n\n\n<h2 class=\"wp-block-heading has-text-align-center\">ATENCI\u00d3N!<\/h2>\n\n\n\n<p><br><strong><em>DEBEN ESTAR REINSCRIPTOS PARA EL CICLO LECTIVO 2025 Y TENER LEGAJOS COMPLETOS PARA PODER RENDIR.<br><\/em><\/strong>Las mesas de examen ser\u00e1n con libreta <br>Se deber\u00e1n respetar todas las normativas establecidas para los ex\u00e1menes, el sistema de correlativas, las disposiciones referentes a las Pr\u00e1cticas, los requisitos para alumnos libres y regulares, el Marco Jurisdiccional de Convivencia, las disposiciones institucionales, etc.<br>Borrado de inscripci\u00f3n a examen: hasta 72hs. h\u00e1biles antes del mismo <strong>o no tendr\u00e1n acceso <\/strong>a la pr\u00f3xima mesa.<br>Los alumnos deber\u00e1n confirmar al docente a cargo de la asignatura y preceptores que rendir\u00e1n el examen HASTA 72HS h\u00e1biles ANTES DEL MISMO.<br>Los estudiantes que rindan libre, adem\u00e1s de cumplir con lo establecido por reglamento en funci\u00f3n a su condici\u00f3n, deber\u00e1n comunicarse en tiempo y forma con el profesor para saber las caracter\u00edsticas de este.<\/p>\n\n\n\n<p><\/p>\n\n\n\n<p>CONSULTAR SIEMPRE LA WEB DEL INSTITUTO, Debido a las pr\u00f3ximas reincorporaci\u00f3n de Docentes a la Instituci\u00f3n las fechas de las mesas podr\u00edan sufrir alguna modificaci\u00f3n.-<\/p>\n\n\n\n<p class=\"has-text-align-center has-large-font-size\"><a href=\"https:\/\/docs.google.com\/spreadsheets\/d\/1m0qqWYxK_zDvj4xYwH67U-IMQme3qEQGGeyLR7xGDlc\/edit?pli=1&amp;gid=195416981#gid=195416981\"><strong><mark style=\"background-color:rgba(0, 0, 0, 0)\" class=\"has-inline-color has-accent-color\">1\u00b0 y  2\u00b0<\/mark><\/strong> <strong><mark style=\"background-color:rgba(0, 0, 0, 0)\" class=\"has-inline-color has-accent-color\">Llamado a Mesas FEBRERO y MARZO 2025<\/mark><\/strong><\/a><\/p>\n\n\n\n<p class=\"has-text-align-center\"><a href=\"https:\/\/docs.google.com\/spreadsheets\/d\/1m0qqWYxK_zDvj4xYwH67U-IMQme3qEQGGeyLR7xGDlc\/edit?pli=1&amp;gid=195416981#gid=195416981\" target=\"_blank\" rel=\"noreferrer noopener\">https:\/\/docs.google.com\/spreadsheets\/d\/1SSlG_IkX_-Ame7OfP5UdtfuOZfZ9tv3M\/edit?usp=sharing&amp;ouid=114145934842939506670&amp;rtpof=true&amp;sd=true<\/a><\/p>\n\n\n\n<p class=\"has-text-align-center has-large-font-size\"><\/p>\n","protected":false},"excerpt":{"rendered":"<p>Febrero &#8211; Marzo 2025 Dos Llamados Cooperadora pondr\u00e1 a la venta los partes de examen y constancia los d\u00edas 12, 13 Y 14 de Febrero del 2025 de 18:30 a 20:30 Se recuerda que es 1 (un) parte por cada a\u00f1o de las materias, por ejemplo: 1 (un) parte para las materias de 1er a\u00f1o, &#8230; <a title=\"MESAS DE EXAMEN 2025\" class=\"read-more\" href=\"https:\/\/iesmarchetti-tuc.infd.edu.ar\/sitio\/mesas-de-examen-2024\/\" aria-label=\"More on MESAS DE EXAMEN 2025\">[+]<\/a><\/p>\n","protected":false},"author":3543,"featured_media":0,"parent":0,"menu_order":0,"comment_status":"closed","ping_status":"closed","template":"","meta":[],"acf":[],"_links":{"self":[{"href":"https:\/\/iesmarchetti-tuc.infd.edu.ar\/sitio\/wp-json\/wp\/v2\/pages\/6221"}],"collection":[{"href":"https:\/\/iesmarchetti-tuc.infd.edu.ar\/sitio\/wp-json\/wp\/v2\/pages"}],"about":[{"href":"https:\/\/iesmarchetti-tuc.infd.edu.ar\/sitio\/wp-json\/wp\/v2\/types\/page"}],"author":[{"embeddable":true,"href":"https:\/\/iesmarchetti-tuc.infd.edu.ar\/sitio\/wp-json\/wp\/v2\/users\/3543"}],"replies":[{"embeddable":true,"href":"https:\/\/iesmarchetti-tuc.infd.edu.ar\/sitio\/wp-json\/wp\/v2\/comments?post=6221"}],"version-history":[{"count":11,"href":"https:\/\/iesmarchetti-tuc.infd.edu.ar\/sitio\/wp-json\/wp\/v2\/pages\/6221\/revisions"}],"predecessor-version":[{"id":6575,"href":"https:\/\/iesmarchetti-tuc.infd.edu.ar\/sitio\/wp-json\/wp\/v2\/pages\/6221\/revisions\/6575"}],"wp:attachment":[{"href":"https:\/\/iesmarchetti-tuc.infd.edu.ar\/sitio\/wp-json\/wp\/v2\/media?parent=6221"}],"curies":[{"name":"wp","href":"https:\/\/api.w.org\/{rel}","templated":true}]}}