{"id":5987,"date":"2023-10-06T20:11:47","date_gmt":"2023-10-06T23:11:47","guid":{"rendered":"https:\/\/iesmarchetti-tuc.infd.edu.ar\/sitio\/?page_id=5987"},"modified":"2023-10-10T21:24:03","modified_gmt":"2023-10-11T00:24:03","slug":"informacion-para-alumnos-2023-3","status":"publish","type":"page","link":"https:\/\/iesmarchetti-tuc.infd.edu.ar\/sitio\/informacion-para-alumnos-2023-3\/","title":{"rendered":"INFORMACI\u00d3N PARA ALUMNOS 2023"},"content":{"rendered":"\n<h2 class=\"wp-block-heading\">PROGRAMAS 2023:<\/h2>\n\n\n\n<p><a href=\"https:\/\/docs.google.com\/spreadsheets\/d\/1eLdvnZIcA1Whbo9rfLA7MyjOGPAoFIz-Wzal_V8jvLI\/edit?usp=sharing\">https:\/\/docs.google.com\/spreadsheets\/d\/1eLdvnZIcA1Whbo9rfLA7MyjOGPAoFIz-Wzal_V8jvLI\/edit?usp=sharing<\/a><\/p>\n\n\n\n<h2 class=\"wp-block-heading\">HORARIOS 2023 :<\/h2>\n\n\n\n<p><a href=\"https:\/\/drive.google.com\/drive\/folders\/1s7nXZtTTIRpN5-Y8RJXOlCFlxSRQXOxO?usp=sharing\">https:\/\/drive.google.com\/drive\/folders\/1s7nXZtTTIRpN5-Y8RJXOlCFlxSRQXOxO?usp=sharing<\/a><\/p>\n\n\n\n<p>Los horarios pueden modificarse a lo largo del a\u00f1o.<\/p>\n\n\n\n<h1 class=\"wp-block-heading\">REINSCRIPCI\u00d3N MATERIAS 2DO CUATRIMESTRE DEL 11 AL 17 DE AGOSTO DE 2023<\/h1>\n\n\n\n<p>PROFESORADO LENGUA Y LITERATURA:<a href=\"https:\/\/forms.gle\/FQcYLtv9jjYxpZ2GA\" target=\"_blank\" rel=\"noreferrer noopener\">&nbsp;https:\/\/forms.gle\/FQcYLtv9jjYxpZ2GA<\/a><\/p>\n\n\n\n<p>PROFESORADO EN HISTORIA:&nbsp;<a href=\"https:\/\/forms.gle\/xmhY4s9VQVC353y79\" target=\"_blank\" rel=\"noreferrer noopener\">https:\/\/forms.gle\/xmhY4s9VQVC353y79<\/a><\/p>\n\n\n\n<p>PROFESORADO EN MATEM\u00c1TICA:&nbsp;<a href=\"https:\/\/forms.gle\/ktbqZCzrA8z4J9d87\" target=\"_blank\" rel=\"noreferrer noopener\">https:\/\/forms.gle\/ktbqZCzrA8z4J9d87<\/a><\/p>\n\n\n\n<p>PROFESORADO EN F\u00cdSICA:&nbsp;<a href=\"https:\/\/forms.gle\/CBEUMZfRgPgx5FKW8\" target=\"_blank\" rel=\"noreferrer noopener\">https:\/\/forms.gle\/CBEUMZfRgPgx5FKW8<\/a><\/p>\n\n\n\n<p>PROFESORADO EN NIVEL INICIAL:&nbsp;<a href=\"https:\/\/forms.gle\/9VyanEUQDxq8isHz7\" target=\"_blank\" rel=\"noreferrer noopener\">https:\/\/forms.gle\/9VyanEUQDxq8isHz7<\/a><\/p>\n\n\n\n<p>PROFESORADO EN EDUCACI\u00d3N ESPECIAL:&nbsp;<a href=\"https:\/\/forms.gle\/XnxA1ek5JtoMHjMr7\" target=\"_blank\" rel=\"noreferrer noopener\">https:\/\/forms.gle\/XnxA1ek5JtoMHjMr7<\/a><\/p>\n\n\n\n<h1 class=\"wp-block-heading\">REINSCRIPCI\u00d3N PARA ALUMN@S DE 2DO A 4TO A\u00d1O, RECURSANATES, READMITID@S Y CON PASE ABIERTA DESDE EL 20 AL 22 DE MARZO DE 2023.<\/h1>\n\n\n\n<ul>\n<li>Profesorado de Educaci\u00f3n Secundaria en Matem\u00e1tica:<a href=\"https:\/\/forms.gle\/2CpzruZAbF3sLcwL7\" target=\"_blank\" rel=\"noreferrer noopener\">&nbsp;https:\/\/forms.gle\/2CpzruZAbF3sLcwL7<\/a><\/li>\n\n\n\n<li>Profesorado de Educaci\u00f3n Secundaria en Lengua y Literatura:&nbsp;<a href=\"https:\/\/forms.gle\/p5rHL1UCzuhnsLEF9\" target=\"_blank\" rel=\"noreferrer noopener\">https:\/\/forms.gle\/p5rHL1UCzuhnsLEF9<\/a><\/li>\n\n\n\n<li>Profesorado de Educaci\u00f3n Secundaria en Historia: &nbsp;<a href=\"https:\/\/forms.gle\/X5cWMritgCV1Wesj9\" target=\"_blank\" rel=\"noreferrer noopener\">https:\/\/forms.gle\/X5cWMritgCV1Wesj9<\/a>&nbsp;<\/li>\n\n\n\n<li>Profesorado de Educaci\u00f3n Secundaria en F\u00edsica:&nbsp;<a href=\"https:\/\/forms.gle\/ujLrKtmNCvmjdCUo7\" target=\"_blank\" rel=\"noreferrer noopener\">https:\/\/forms.gle\/ujLrKtmNCvmjdCUo7<\/a>&nbsp;<\/li>\n\n\n\n<li>Profesorado de Educaci\u00f3n Inicial:&nbsp;&nbsp;<a href=\"https:\/\/forms.gle\/RJU6sgtdGkDwf24W8\" target=\"_blank\" rel=\"noreferrer noopener\">https:\/\/forms.gle\/RJU6sgtdGkDwf24W8<\/a><\/li>\n\n\n\n<li>Profesorado de Educaci\u00f3n Especial con orientaci\u00f3n en discapacidad intelectual:&nbsp;&nbsp;<a href=\"https:\/\/forms.gle\/igqwQFftxWA2XDvN8\" target=\"_blank\" rel=\"noreferrer noopener\">https:\/\/forms.gle\/igqwQFftxWA2XDvN8<\/a><\/li>\n<\/ul>\n\n\n\n<h1 class=\"wp-block-heading\">INSCRIPCI\u00d3N ALUMNOS INGRESANTES 2023<\/h1>\n\n\n\n<h2 class=\"wp-block-heading\">DOCUMENTACI\u00d3N QUE DEBEN PRESENTAR LAS PERSONAS QUE APROBARON EL EXAMEN DE INGRESO 2023 A LOS DISTINTOS PROFESORADOS:<\/h2>\n\n\n\n<ol type=\"1\" start=\"1\">\n<li>DNI y copia de DNI.<\/li>\n\n\n\n<li>2 (dos) fotos carnet.<\/li>\n\n\n\n<li>Acta de Nacimiento actualizada (original)<\/li>\n\n\n\n<li>Certificado de Aptitud psicof\u00edsica otorgado por organismo oficial (original) (este certificado puede ser presentado&nbsp;<strong>hasta el 31 de mayo de 2023 sin excepci\u00f3n<\/strong>)<\/li>\n\n\n\n<li>Original y copia de t\u00edtulo secundario.<\/li>\n\n\n\n<li>Acta compromiso completa por duplicado:&nbsp;<a href=\"https:\/\/iesmarchetti-tuc.infd.edu.ar\/sitio\/wp-content\/uploads\/2023\/03\/ACTA-COMPROMISO-2023.pdf\">ACTA-COMPROMISO-2023<\/a><\/li>\n\n\n\n<li>Ficha de control de documentaci\u00f3n:&nbsp;<a href=\"https:\/\/iesmarchetti-tuc.infd.edu.ar\/sitio\/wp-content\/uploads\/2023\/03\/FICHA-CONTROL-DE-DOCUMENTACION.pdf\">FICHA-CONTROL-DE-DOCUMENTACION<\/a><\/li>\n\n\n\n<li>1 (un) folio tama\u00f1o oficio.<\/li>\n\n\n\n<li>R\u00f3tulo<\/li>\n<\/ol>\n\n\n\n<p>El formulario de inscripci\u00f3n por carrera&nbsp;<strong>SOLAMENTE PARA QUIENES APROBARON EL INGRESO 2023<\/strong>:<\/p>\n\n\n\n<ul>\n<li>Profesorado de Educaci\u00f3n Secundaria en Matem\u00e1tica:&nbsp;<a href=\"https:\/\/forms.gle\/Amvfsm9wExt48YX26\" target=\"_blank\" rel=\"noreferrer noopener\">https:\/\/forms.gle\/Amvfsm9wExt48YX26<\/a><\/li>\n\n\n\n<li>Profesorado de Educaci\u00f3n Secundaria en Lengua y Literatura:&nbsp;<a href=\"https:\/\/forms.gle\/KfhroqJsEYRA8R4Q6\" target=\"_blank\" rel=\"noreferrer noopener\">https:\/\/forms.gle\/KfhroqJsEYRA8R4Q6<\/a><\/li>\n\n\n\n<li>Profesorado de Educaci\u00f3n Secundaria en Historia:&nbsp;<a href=\"https:\/\/forms.gle\/vkpu35W3kg1DLbEY8\" target=\"_blank\" rel=\"noreferrer noopener\">https:\/\/forms.gle\/vkpu35W3kg1DLbEY8<\/a><\/li>\n\n\n\n<li>Profesorado de Educaci\u00f3n Secundaria en F\u00edsica:&nbsp;<a href=\"https:\/\/forms.gle\/qn8R8JcZG7HiaUQx6\" target=\"_blank\" rel=\"noreferrer noopener\">https:\/\/forms.gle\/qn8R8JcZG7HiaUQx6<\/a><\/li>\n\n\n\n<li>Profesorado de Educaci\u00f3n Inicial:&nbsp;<a href=\"https:\/\/forms.gle\/YuG9FatfX8HKBLRT8\" target=\"_blank\" rel=\"noreferrer noopener\">https:\/\/forms.gle\/YuG9FatfX8HKBLRT8<\/a><\/li>\n\n\n\n<li>Profesorado de Educaci\u00f3n Especial con orientaci\u00f3n en discapacidad intelectual:&nbsp;<a href=\"https:\/\/forms.gle\/8FvCRT7Q6wNsxyzk6\" target=\"_blank\" rel=\"noreferrer noopener\">https:\/\/forms.gle\/8FvCRT7Q6wNsxyzk6<\/a><\/li>\n<\/ul>\n\n\n\n<h2 class=\"wp-block-heading\">RECEPCI\u00d3N DE DOCUMENTACI\u00d3N E INSCRIPCI\u00d3N EN EL RESPECTIVO ENLACE HASTA EL 27 DE MARZO DE 2023 SOLAMENTE PARA LOS QUE APROBARON EL EXAMEN DE INGRESO.<\/h2>\n\n\n\n<h2 class=\"wp-block-heading\">RECEPCI\u00d3N DE PASES DEL 01 AL 20 DE MARZO DE 2023 DE 19 A 21HS.<\/h2>\n\n\n\n<h2 class=\"wp-block-heading\">DOCUMENTACI\u00d3N A PRESENTAR:<\/h2>\n\n\n\n<ul>\n<li>Pase provisorio o definitivo de la instituci\u00f3n de origen.<\/li>\n\n\n\n<li>DNI y copia de DNI.<\/li>\n\n\n\n<li>2 (dos) fotos carnet.<\/li>\n\n\n\n<li>Acta de Nacimiento actualizada (original)<\/li>\n\n\n\n<li>Certificado de Aptitud psicof\u00edsIca otorgado por organismo oficial<\/li>\n\n\n\n<li>Original y copia de t\u00edtulo secundario.<\/li>\n\n\n\n<li>1 (un) folio tama\u00f1o oficio.<\/li>\n\n\n\n<li>R\u00f3tulo<\/li>\n<\/ul>\n\n\n\n<h1 class=\"wp-block-heading\">Recepci\u00f3n de documentaci\u00f3n para solicitar equivalencias: del 01 al 20 de marzo de 2023 de 19 a 21hs.<\/h1>\n\n\n\n<p>Atenci\u00f3n: se recibir\u00e1n los pedidos de equivalencias del a\u00f1o en que se est\u00e1 cursando, por ejemplo, si cursa 1er a\u00f1o, solicitar materias de 1er a\u00f1o.<\/p>\n\n\n\n<p><strong>DOCUMENTACI\u00d3N PARA PRESENTAR.<\/strong><\/p>\n\n\n\n<ul>\n<li>Cuadro para lista de materias a solicitar quivalencias completa.&nbsp;<a href=\"https:\/\/iesmarchetti-tuc.infd.edu.ar\/sitio\/wp-content\/uploads\/2023\/02\/CUADRO-PARA-LISTA-DE-MATERIAS-A-SOLICITAR-EQUIVALENCIA.pdf\">CUADRO-PARA-LISTA-DE-MATERIAS-A-SOLICITAR-EQUIVALENCIA<\/a><\/li>\n\n\n\n<li>Informe de C\u00e1tedra (una copia por cada materia que se solicita)&nbsp;<a href=\"https:\/\/iesmarchetti-tuc.infd.edu.ar\/sitio\/wp-content\/uploads\/2023\/02\/Informe-de-Catedra.pdf\">Informe-de-Catedra<\/a><\/li>\n<\/ul>\n\n\n\n<p><strong>Adjuntar la siguiente documentaci\u00f3n:<\/strong><\/p>\n\n\n\n<ul>\n<li>Plan de Estudios de la carrera de origen debidamente autenticado.<\/li>\n\n\n\n<li>Certificado anal\u00edtico original expedido por la Instituci\u00f3n de origen.<\/li>\n\n\n\n<li>Programa\/s Anal\u00edtico\/s debidamente autenticado\/s de cada asignatura a solicitar equivalencia.<\/li>\n\n\n\n<li>Certificaci\u00f3n original donde conste si ha sido o no pasible de sanciones disciplinarias en la Instituci\u00f3n de origen, indicando en caso afirmativo las causales de las mismas.<\/li>\n\n\n\n<li>La documentaci\u00f3n completa deber\u00e1 ser presentada en un folio con r\u00f3tulo que incluya: Apellido\/s y Nombre\/s \u2013 Carrera<\/li>\n<\/ul>\n\n\n\n<blockquote class=\"wp-block-quote\">\n<p>Se recibir\u00e1 solamente documentaci\u00f3n completa.<\/p>\n\n\n\n<p>Ante cualquier duda, consultar en secretar\u00eda.<\/p>\n<\/blockquote>\n\n\n\n<h1 class=\"wp-block-heading\">PROGRESAR \u2013 CONVOCATORIA 2023<\/h1>\n\n\n\n<p><strong>Hasta el 31 de Marzo DE 2023 se encuentra abierta la inscripci\u00f3n a las Becas Progres<em>ar<\/em><\/strong>&nbsp;para los\/as estudiantes de Institutos de Formaci\u00f3n Superior de todo pa\u00eds.<br><br>Las inscripciones se realizan \u00fanicamente de manera online a trav\u00e9s de la Plataforma Becas Progresar:&nbsp;<a rel=\"noreferrer noopener\" href=\"https:\/\/www.argentina.gob.ar\/educacion\/progresar\" target=\"_blank\">https:\/\/www.argentina.gob.ar\/educacion\/progresar<\/a>.<\/p>\n\n\n\n<p>Pueden inscribirse los y las estudiantes ingresantes del Nivel Superior No Universitario entre 17 y 24 a\u00f1os de edad y estudiantes avanzados\/as hasta los 30 a\u00f1os. Para los\/as estudiantes de carreras de Enfermer\u00eda no hay l\u00edmite de edad.&nbsp;<\/p>\n\n\n\n<p>En la plataforma y en el canal oficial de youtube del Ministerio de Educaci\u00f3n de la Naci\u00f3n pueden encontrar un&nbsp;<strong>Instructivo&nbsp;<\/strong>con el paso a paso de la inscripci\u00f3n:&nbsp;<a href=\"https:\/\/www.youtube.com\/watch?v=_8bDWQdMa0Q\" target=\"_blank\" rel=\"noreferrer noopener\">C\u00f3mo inscribirte en Progresar Nivel Superior<\/a><\/p>\n\n\n\n<p>IMPORTANTE: la plataforma cuenta con una secci\u00f3n de \u201cpreguntas frecuentes\u201d que sirve para resolver dudas o consultas sobre el programa y el proceso de adjudicaci\u00f3n:&nbsp;<a rel=\"noreferrer noopener\" href=\"https:\/\/www.argentina.gob.ar\/educacion\/progresar\/preguntas-frecuentes-progresar\" target=\"_blank\">https:\/\/www.argentina.gob.ar\/educacion\/progresar\/preguntas-frecuentes-progresar<\/a><\/p>\n\n\n\n<figure class=\"wp-block-image\"><img decoding=\"async\" loading=\"lazy\" width=\"640\" height=\"1600\" src=\"https:\/\/iesmarchetti-tuc.infd.edu.ar\/sitio\/wp-content\/uploads\/2023\/03\/FLYER-Becas-Progresar.jpg\" alt=\"\" class=\"wp-image-5642\" srcset=\"https:\/\/iesmarchetti-tuc.infd.edu.ar\/sitio\/wp-content\/uploads\/2023\/03\/FLYER-Becas-Progresar.jpg 640w, https:\/\/iesmarchetti-tuc.infd.edu.ar\/sitio\/wp-content\/uploads\/2023\/03\/FLYER-Becas-Progresar-400x1000.jpg 400w, https:\/\/iesmarchetti-tuc.infd.edu.ar\/sitio\/wp-content\/uploads\/2023\/03\/FLYER-Becas-Progresar-614x1536.jpg 614w\" sizes=\"(max-width: 640px) 100vw, 640px\" \/><\/figure>\n\n\n\n<figure class=\"wp-block-image\"><img decoding=\"async\" loading=\"lazy\" width=\"640\" height=\"1600\" src=\"https:\/\/iesmarchetti-tuc.infd.edu.ar\/sitio\/wp-content\/uploads\/2023\/03\/FLYER-Boleto-Estudiantil-Gratuito.jpg\" alt=\"\" class=\"wp-image-5644\" srcset=\"https:\/\/iesmarchetti-tuc.infd.edu.ar\/sitio\/wp-content\/uploads\/2023\/03\/FLYER-Boleto-Estudiantil-Gratuito.jpg 640w, https:\/\/iesmarchetti-tuc.infd.edu.ar\/sitio\/wp-content\/uploads\/2023\/03\/FLYER-Boleto-Estudiantil-Gratuito-400x1000.jpg 400w, https:\/\/iesmarchetti-tuc.infd.edu.ar\/sitio\/wp-content\/uploads\/2023\/03\/FLYER-Boleto-Estudiantil-Gratuito-614x1536.jpg 614w\" sizes=\"(max-width: 640px) 100vw, 640px\" \/><\/figure>\n\n\n\n<h1 class=\"wp-block-heading\">PRECEPTORES CICLO LECTIVO 2023<\/h1>\n\n\n\n<h2 class=\"wp-block-heading\">PLANTA BAJA:<\/h2>\n\n\n\n<ul>\n<li>1ER A\u00d1O PROFESORADO EN MATEM\u00c1TICA; 1ER A\u00d1O PROFESORADO EN F\u00cdSICA; 1ER A\u00d1O PROFESORADO EN LENGUA: Marcos Ricci<\/li>\n\n\n\n<li>2DO, 3RO Y 4TO A\u00d1O PROFESORADO EN F\u00cdSICA: Rub\u00e9n Madrid<\/li>\n\n\n\n<li>2DO, 3RO Y 4TO A\u00d1O PROFESORADO EN MATEM\u00c1TICA: Gabriela Nieva<\/li>\n\n\n\n<li>2DO, 3RO Y 4TO A\u00d1O PROFESORADO EN LENGUA: Carmona Silvia<\/li>\n<\/ul>\n\n\n\n<h2 class=\"wp-block-heading\">PLANTA ALTA:<\/h2>\n\n\n\n<ul>\n<li>1ER A\u00d1O PROFESORADO EN EDUCACI\u00d3N ESPECIAL; 1ER A\u00d1O PROFESORADO EN HISTORIA; 1ER A\u00d1O PROFESORADO EN EDUCACI\u00d3N INICIAL: Laura Noguera<\/li>\n\n\n\n<li>2DO, 3RO Y 4TO A\u00d1O PROFESORADO EN HISTORIA: Natalia Garay<\/li>\n\n\n\n<li>2DO, 3RO Y 4TO A\u00d1O PROFESORADO EN EDUCACI\u00d3N INICIAL: Florencia Sir<\/li>\n\n\n\n<li>2DO, 3RO Y 4TO A\u00d1O PROFESORADO EN EDUCACI\u00d3N ESPECIAL: Sabrina Galv\u00e1n<\/li>\n<\/ul>\n\n\n\n<h1 class=\"wp-block-heading\">COORDINADORES CICLO LECTIVO 2023<\/h1>\n\n\n\n<p>Coordinadores de Pr\u00e1ctica: profesoras Johana S\u00e1nchez y Pilar Zamora<\/p>\n\n\n\n<ul>\n<li>PROFESORADORA EN EDUCACI\u00d3N INICIAL: Profesores Paolo Ponzi y Carolina Moya<\/li>\n\n\n\n<li>PROFESORADO EN F\u00cdSICA: Profesores Gonzalo Villagra y Gabriela Hassan<\/li>\n\n\n\n<li>PROFESORADO EN MATEM\u00c1TICAS: Profesora Alejandra Fern\u00e1ndez<\/li>\n\n\n\n<li>PROFESORADO EN HISTORIA: Profesores Jos\u00e9 Rojas y Susana Ag\u00fcero<\/li>\n\n\n\n<li>PROFESORADO EN LENGUA: Profesores Sebasti\u00e1n Visuara y Carolina Caronna<\/li>\n\n\n\n<li>PROFESORADO EN EDUCACI\u00d3N ESPECIAL: Profesoras Laila Foglia y Prof Roc\u00edo G\u00f3mez<\/li>\n<\/ul>\n\n\n\n<h1 class=\"wp-block-heading\"><\/h1>\n\n\n\n<figure class=\"wp-block-image\"><a href=\"https:\/\/www.argentina.gob.ar\/educacion\/\" target=\"_blank\" rel=\"noreferrer noopener\"><img decoding=\"async\" src=\"https:\/\/iesmarchetti-tuc.infd.edu.ar\/sitio\/wp-content\/plugins\/edupress-escuela\/public\/skins\/redinfod\/img\/logo_ministerio.png\" alt=\"\"\/><\/a><\/figure>\n\n\n\n<figure class=\"wp-block-image\"><a href=\"https:\/\/www.argentina.gob.ar\/educacion\/infod\/\" target=\"_blank\" rel=\"noreferrer noopener\"><img decoding=\"async\" src=\"https:\/\/iesmarchetti-tuc.infd.edu.ar\/sitio\/wp-content\/plugins\/edupress-escuela\/public\/skins\/redinfod\/img\/logo_infod.png\" alt=\"\"\/><\/a><\/figure>\n\n\n\n<p>Escuela Suite &#8211;&nbsp;<a href=\"https:\/\/www.educativa.com\/\" rel=\"noreferrer noopener\" target=\"_blank\">Powered by Educativa<\/a><\/p>\n","protected":false},"excerpt":{"rendered":"<p>PROGRAMAS 2023: https:\/\/docs.google.com\/spreadsheets\/d\/1eLdvnZIcA1Whbo9rfLA7MyjOGPAoFIz-Wzal_V8jvLI\/edit?usp=sharing HORARIOS 2023 : https:\/\/drive.google.com\/drive\/folders\/1s7nXZtTTIRpN5-Y8RJXOlCFlxSRQXOxO?usp=sharing Los horarios pueden modificarse a lo largo del a\u00f1o. REINSCRIPCI\u00d3N MATERIAS 2DO CUATRIMESTRE DEL 11 AL 17 DE AGOSTO DE 2023 PROFESORADO LENGUA Y LITERATURA:&nbsp;https:\/\/forms.gle\/FQcYLtv9jjYxpZ2GA PROFESORADO EN HISTORIA:&nbsp;https:\/\/forms.gle\/xmhY4s9VQVC353y79 PROFESORADO EN MATEM\u00c1TICA:&nbsp;https:\/\/forms.gle\/ktbqZCzrA8z4J9d87 PROFESORADO EN F\u00cdSICA:&nbsp;https:\/\/forms.gle\/CBEUMZfRgPgx5FKW8 PROFESORADO EN NIVEL INICIAL:&nbsp;https:\/\/forms.gle\/9VyanEUQDxq8isHz7 PROFESORADO EN EDUCACI\u00d3N ESPECIAL:&nbsp;https:\/\/forms.gle\/XnxA1ek5JtoMHjMr7 REINSCRIPCI\u00d3N PARA ALUMN@S DE 2DO A &#8230; <a title=\"INFORMACI\u00d3N PARA ALUMNOS 2023\" class=\"read-more\" href=\"https:\/\/iesmarchetti-tuc.infd.edu.ar\/sitio\/informacion-para-alumnos-2023-3\/\" aria-label=\"More on INFORMACI\u00d3N PARA ALUMNOS 2023\">[+]<\/a><\/p>\n","protected":false},"author":3543,"featured_media":0,"parent":0,"menu_order":0,"comment_status":"closed","ping_status":"closed","template":"","meta":[],"acf":[],"_links":{"self":[{"href":"https:\/\/iesmarchetti-tuc.infd.edu.ar\/sitio\/wp-json\/wp\/v2\/pages\/5987"}],"collection":[{"href":"https:\/\/iesmarchetti-tuc.infd.edu.ar\/sitio\/wp-json\/wp\/v2\/pages"}],"about":[{"href":"https:\/\/iesmarchetti-tuc.infd.edu.ar\/sitio\/wp-json\/wp\/v2\/types\/page"}],"author":[{"embeddable":true,"href":"https:\/\/iesmarchetti-tuc.infd.edu.ar\/sitio\/wp-json\/wp\/v2\/users\/3543"}],"replies":[{"embeddable":true,"href":"https:\/\/iesmarchetti-tuc.infd.edu.ar\/sitio\/wp-json\/wp\/v2\/comments?post=5987"}],"version-history":[{"count":2,"href":"https:\/\/iesmarchetti-tuc.infd.edu.ar\/sitio\/wp-json\/wp\/v2\/pages\/5987\/revisions"}],"predecessor-version":[{"id":5992,"href":"https:\/\/iesmarchetti-tuc.infd.edu.ar\/sitio\/wp-json\/wp\/v2\/pages\/5987\/revisions\/5992"}],"wp:attachment":[{"href":"https:\/\/iesmarchetti-tuc.infd.edu.ar\/sitio\/wp-json\/wp\/v2\/media?parent=5987"}],"curies":[{"name":"wp","href":"https:\/\/api.w.org\/{rel}","templated":true}]}}