{"id":1284,"date":"2018-06-29T19:05:25","date_gmt":"2018-06-29T22:05:25","guid":{"rendered":"https:\/\/iesmarchetti-tuc.infd.edu.ar\/sitio\/profesorado-fisica\/"},"modified":"2021-12-22T20:15:02","modified_gmt":"2021-12-22T23:15:02","slug":"profesorado-fisica","status":"publish","type":"page","link":"https:\/\/iesmarchetti-tuc.infd.edu.ar\/sitio\/profesorado-fisica\/","title":{"rendered":"Profesorado F\u00edsica"},"content":{"rendered":"<table style=\"width: 100%; height: 22px;\" border=\"0\">\n<tbody style=\"text-align: left;\">\n<tr style=\"text-align: left;\">\n<td style=\"border: 1px solid #d2752d; background-color: #738938;\">\n<p style=\"text-align: center;\"><strong><span style=\"color: #ffff99;\"><span style=\"font-size: 14pt;\"><span style=\"font-family: verdana,geneva;\">Informaci\u00f3n general del Profesorado <\/span><\/span><\/span><\/strong><\/p>\n<p style=\"text-align: center;\"><strong><span style=\"color: #ffff99;\"><span style=\"font-size: 14pt;\"><span style=\"font-family: verdana,geneva;\">de sus docentes y de sus estudiantes<\/span><\/span><\/span><\/strong><\/p>\n<p style=\"text-align: center;\">\n<\/td>\n<\/tr>\n<\/tbody>\n<\/table>\n<p style=\"text-align: left;\"><span style=\"color: #506b23; font-size: 12pt;\">\u00a0\u00a0\u00a0\u00a0\u00a0 <\/span><\/p>\n<p style=\"text-align: left;\"><span style=\"color: #506b23; font-size: 12pt;\"><span style=\"color: #000000;\">La estructura est\u00e1 disponible si aprietas aqu\u00ed<\/span> <a title=\"estructura PF\" href=\"upload\/JURISDICCION_TUCUMAN_ESTRUCTURA_CURRICULAR_DEL_PROFESORADO_DE_EDUCACION_SECUNDARIA_EN_FISICA.pdf\" target=\"_blank\" rel=\"noopener\"><img decoding=\"async\" src=\"https:\/\/iesmarchetti-tuc.infd.edu.ar\/sitio\/wp-content\/uploads\/2018\/06\/TgC_boton106.gif\" border=\"0\" \/><\/a><br \/>\n<\/span><\/p>\n<h2 style=\"text-align: left;\">Materias<\/h2>\n<p><span style=\"color: #000000; font-size: 12pt;\">Pedagog\u00eda<\/span><\/p>\n<ul>\n<li>Programa: <a href=\"https:\/\/iesmarchetti-tuc.infd.edu.ar\/sitio\/wp-content\/uploads\/2019\/05\/programa-2019-nuevo-formato.pdf\">2019<\/a><\/li>\n<\/ul>\n<p><span style=\"color: #000000; font-size: 12pt;\">Psicolog\u00eda Educacional<\/span><\/p>\n<ul>\n<li>Programa: <a href=\"https:\/\/iesmarchetti-tuc.infd.edu.ar\/sitio\/wp-content\/uploads\/2019\/09\/Psicologia-Educacional.pdf\">2019<\/a><\/li>\n<\/ul>\n<p><span style=\"color: #000000; font-size: 12pt;\">Did\u00e1ctica General<\/span><\/p>\n<ul>\n<li>Programa: <a href=\"https:\/\/iesmarchetti-tuc.infd.edu.ar\/sitio\/wp-content\/uploads\/2019\/03\/Programa-Did\u00e1ctica-General.pdf\">2018<\/a><\/li>\n<\/ul>\n<p><span style=\"color: #000000; font-size: 12pt;\">Practica I: La instituci\u00f3n\u00a0<\/span><span style=\"color: #000000; font-size: 12pt;\">Educativa. Aproximaciones desde la investigaci\u00f3n educativa<\/span><\/p>\n<ul>\n<li>Programa: <a href=\"https:\/\/iesmarchetti-tuc.infd.edu.ar\/sitio\/wp-content\/uploads\/2019\/03\/PROGRAMA-Pr\u00e1ctica-I.pdf\">2018<\/a><\/li>\n<\/ul>\n<p><span style=\"color: #000000; font-size: 12pt;\">Problem\u00e1tica de la Educaci\u00f3n Secundaria<\/span><\/p>\n<ul>\n<li>Programa: <a href=\"https:\/\/iesmarchetti-tuc.infd.edu.ar\/sitio\/wp-content\/uploads\/2019\/03\/Programa-Problem\u00e1tica-de-la-Educaci\u00f3n-Secundaria.pdf\">2018<\/a><\/li>\n<li>Programa: <a href=\"https:\/\/iesmarchetti-tuc.infd.edu.ar\/sitio\/wp-content\/uploads\/2019\/09\/Programa-problem\u00e1tica-de-la-educ.-secundaria.-prof-f\u00edsica.pdf\">2019<\/a><\/li>\n<\/ul>\n<p><span style=\"color: #000000; font-size: 12pt;\">Qu\u00edmica <\/span><\/p>\n<p><span style=\"color: #000000; font-size: 12pt;\">C\u00e1lculo I <\/span><\/p>\n<p><span style=\"color: #000000; font-size: 12pt;\">\u00c1lgebra<\/span><\/p>\n<ul>\n<li>Programa: <a href=\"https:\/\/iesmarchetti-tuc.infd.edu.ar\/sitio\/wp-content\/uploads\/2019\/09\/Algebra-I.pdf\">2019<\/a><\/li>\n<\/ul>\n<p><span style=\"color: #000000; font-size: 12pt;\">Mec\u00e1nica con Laboratorio<\/span><\/p>\n<ul>\n<li>Programa: <a href=\"https:\/\/iesmarchetti-tuc.infd.edu.ar\/sitio\/wp-content\/uploads\/2019\/03\/Progr.-Mec\u00e1nica-con-Laboratorio.pdf\">2018<\/a><\/li>\n<li>Programa: 2019<\/li>\n<\/ul>\n<p><span style=\"color: #000000; font-size: 12pt;\">Mediciones b\u00e1sicas<br \/>\n<\/span><\/p>\n<ul>\n<li>Programa: <a href=\"https:\/\/iesmarchetti-tuc.infd.edu.ar\/sitio\/wp-content\/uploads\/2019\/03\/PROGRAMA-DE-MEDICIONES-B\u00c1SICAS.pdf\">2018<\/a><\/li>\n<li>Programa: <a href=\"https:\/\/iesmarchetti-tuc.infd.edu.ar\/sitio\/wp-content\/uploads\/2019\/09\/Mediciones-B\u00e1sicas.pdf\">2019<\/a><\/li>\n<\/ul>\n<p><span style=\"color: #000000;\">Historia Argentina y Latinoamericana\u00a0<\/span><\/p>\n<ul>\n<li>Programa: <a href=\"https:\/\/iesmarchetti-tuc.infd.edu.ar\/sitio\/wp-content\/uploads\/2019\/09\/Historia-Argentina-y-Latinoamericana.pdf\">2019<\/a><\/li>\n<\/ul>\n<p><span style=\"color: #000000;\">Formaci\u00f3n \u00c9tica y Ciudadana\u00a0<\/span><\/p>\n<ul>\n<li>Programa: <a href=\"https:\/\/iesmarchetti-tuc.infd.edu.ar\/sitio\/wp-content\/uploads\/2019\/09\/Formaci\u00f3n-\u00c9tica-y-Ciudadana.pdf\">2019<\/a><\/li>\n<\/ul>\n<p><span style=\"color: #000000;\">Educaci\u00f3n Sexual Integral<\/span><\/p>\n<ul>\n<li>Programa: <a href=\"https:\/\/iesmarchetti-tuc.infd.edu.ar\/sitio\/wp-content\/uploads\/2019\/05\/PROGRAMA-ESI-MARCHETTI-2019.pdf\">2019<\/a><\/li>\n<\/ul>\n<p><span style=\"color: #000000;\">Practica II: Curriculum, Sujetos y Contextos. Aproximaciones\u00a0 desde la investigaci\u00f3n educativa<\/span><\/p>\n<ul>\n<li>Programa: <a href=\"https:\/\/iesmarchetti-tuc.infd.edu.ar\/sitio\/wp-content\/uploads\/2019\/09\/PRACTICA-II.docx.pdf\">2019<\/a><\/li>\n<\/ul>\n<p><span style=\"color: #000000;\">Psicolog\u00eda del desarrollo:\u00a0<\/span><span style=\"color: #000000;\">Sujeto del Nivel Secundario\u00a0<\/span><\/p>\n<ul>\n<li>Programa: <a href=\"https:\/\/iesmarchetti-tuc.infd.edu.ar\/sitio\/wp-content\/uploads\/2019\/09\/Psicolog\u00eda-del-desarrollo.pdf\">2019<\/a><\/li>\n<\/ul>\n<p><span style=\"color: #000000;\">Matem\u00e1tica A: Matrices\u00a0<\/span><\/p>\n<ul>\n<li>Programa: <a href=\"https:\/\/iesmarchetti-tuc.infd.edu.ar\/sitio\/wp-content\/uploads\/2019\/09\/Matem\u00e1tica-A-Matrices.pdf\">2019<\/a><\/li>\n<\/ul>\n<p><span style=\"color: #000000;\">Matem\u00e1tica B: Transformaciones Lineales\u00a0<\/span><\/p>\n<ul>\n<li>Programa: <a href=\"https:\/\/iesmarchetti-tuc.infd.edu.ar\/sitio\/wp-content\/uploads\/2019\/09\/Matematica-B-Transformaciones-Lineales.pdf\">2019<\/a><\/li>\n<\/ul>\n<p><span style=\"color: #000000;\">Electricidad y Magnetismo con Laboratorio\u00a0<\/span><\/p>\n<ul>\n<li>Programa: <a href=\"https:\/\/iesmarchetti-tuc.infd.edu.ar\/sitio\/wp-content\/uploads\/2019\/09\/Electricidad-y-Magnetismo-con-Laboratorio.pdf\">2019<\/a><\/li>\n<\/ul>\n<p><span style=\"color: #000000;\">Estad\u00edstica Aplicada a la F\u00edsica<\/span><\/p>\n<ul>\n<li>Programa: <a href=\"https:\/\/iesmarchetti-tuc.infd.edu.ar\/sitio\/wp-content\/uploads\/2019\/09\/Estad\u00edstica-Aplicada-a-la-F\u00edsica.pdf\">2019<\/a><\/li>\n<\/ul>\n<p><span style=\"color: #000000;\">Traducci\u00f3n T\u00e9cnica: Ingl\u00e9s<\/span><\/p>\n<p><span style=\"color: #000000;\">Historia de la Educaci\u00f3n y Pol\u00edtica Educacional Argentina <\/span><\/p>\n<p><span style=\"color: #000000;\">Sociolog\u00eda de la Educaci\u00f3n\u00a0<\/span><\/p>\n<p><span style=\"color: #000000;\">Historia de la Ciencia y Epistemolog\u00eda\u00a0<\/span><\/p>\n<ul>\n<li>Programa: <a href=\"https:\/\/iesmarchetti-tuc.infd.edu.ar\/sitio\/wp-content\/uploads\/2019\/03\/PROGRAMA-DE-HISTORIA-DE-LA-CIENCIA-Y-EPISTEMOLOGIA.pdf\">2018 <\/a><\/li>\n<li>Programa: <a href=\"https:\/\/iesmarchetti-tuc.infd.edu.ar\/sitio\/wp-content\/uploads\/2019\/05\/MARCHETTI-PROGRAMA-DE-HISTORIA-DE-LA-CIENCIA-Y-EPISTEMOLOGIA.pdf\">2019<\/a><\/li>\n<\/ul>\n<p><span style=\"color: #000000;\">Pr\u00e1ctica III: Programaci\u00f3n Did\u00e1ctica y gesti\u00f3n de microexperiencias de ense\u00f1anza<\/span><\/p>\n<ul>\n<li>Programa: <a href=\"https:\/\/iesmarchetti-tuc.infd.edu.ar\/sitio\/wp-content\/uploads\/2019\/03\/Progr.-Pr\u00e1ctica-III.pdf\">2018<\/a><\/li>\n<li>Programa: <a href=\"https:\/\/iesmarchetti-tuc.infd.edu.ar\/sitio\/wp-content\/uploads\/2019\/05\/PF_PROGRAMA_2019.pdf\">2019<\/a><\/li>\n<\/ul>\n<p><span style=\"color: #000000;\">Did\u00e1ctica de la F\u00edsica I\u00a0<\/span><\/p>\n<ul>\n<li>Programa: <a href=\"https:\/\/iesmarchetti-tuc.infd.edu.ar\/sitio\/wp-content\/uploads\/2019\/09\/Did\u00e1ctica-de-la-f\u00edsica-I.pdf\">2019<\/a><\/li>\n<\/ul>\n<p><span style=\"color: #000000;\">Matem\u00e1tica C: Funciones en varias variables-C\u00e1lculo diferencial e integral<\/span><\/p>\n<p><span style=\"color: #000000;\">Matem\u00e1tica D: Ecuaciones diferenciales y An\u00e1lisis vectorial<\/span><\/p>\n<p><span style=\"color: #000000;\">Termodin\u00e1mica\u00a0<\/span><\/p>\n<ul>\n<li>Programa: <a href=\"https:\/\/iesmarchetti-tuc.infd.edu.ar\/sitio\/wp-content\/uploads\/2019\/03\/PROGRAMA-DE-TERMODINAMICA.pdf\">2018<\/a><\/li>\n<li>Programa: <a href=\"https:\/\/iesmarchetti-tuc.infd.edu.ar\/sitio\/wp-content\/uploads\/2019\/05\/MARCHETTI-PROGRAMA-DE-TERMODINAMICA.pdf\">2019<\/a><\/li>\n<\/ul>\n<p><span style=\"color: #000000;\">F\u00edsica Moderna\u00a0<\/span><\/p>\n<ul>\n<li>Programa: <a href=\"https:\/\/iesmarchetti-tuc.infd.edu.ar\/sitio\/wp-content\/uploads\/2019\/03\/PROGRAMA-FISICA-MODERNA.pdf\">2018<\/a><\/li>\n<li>Programa: <a href=\"https:\/\/iesmarchetti-tuc.infd.edu.ar\/sitio\/wp-content\/uploads\/2019\/05\/MARCHETTI-PROGRAMA-FISICA-MODERNA.pdf\">2019<\/a><\/li>\n<\/ul>\n<p><span style=\"color: #000000;\">Ondas Mec\u00e1nicas y Electromagn\u00e9ticas<\/span><\/p>\n<ul>\n<li>Programa: <a href=\"https:\/\/iesmarchetti-tuc.infd.edu.ar\/sitio\/wp-content\/uploads\/2019\/09\/Ondas-Mec\u00e1nicas-y-Electromagn\u00e9ticas-1.pdf\">2019<\/a><\/li>\n<\/ul>\n<p><span style=\"color: #000000;\">\u00d3ptica y Astrof\u00edsica<\/span><\/p>\n<ul>\n<li>Programa: <a href=\"https:\/\/iesmarchetti-tuc.infd.edu.ar\/sitio\/wp-content\/uploads\/2019\/09\/\u00d3ptica-y-Astrof\u00edsica.pdf\">2019<\/a><\/li>\n<\/ul>\n<p><span style=\"color: #000000;\">Integraci\u00f3n e Inclusi\u00f3n Educativa\u00a0<\/span><\/p>\n<p><span style=\"color: #000000;\">Psicolog\u00eda Social\u00a0<\/span><\/p>\n<p><span style=\"color: #000000;\">TIC. La publicaci\u00f3n cient\u00edfica<\/span><\/p>\n<p><span style=\"color: #000000;\">Practica IV: Residencia y Sistematizaci\u00f3n de Experiencias<\/span><\/p>\n<ul>\n<li>Programa: <a href=\"https:\/\/iesmarchetti-tuc.infd.edu.ar\/sitio\/wp-content\/uploads\/2019\/09\/Programa-Practica-IV-Residencia-Docente-y-Sistematizaci\u00f3n-de-Experiencias.pdf\">2019<\/a><\/li>\n<\/ul>\n<p><span style=\"color: #000000;\">Did\u00e1ctica de la F\u00edsica II\u00a0<\/span><\/p>\n<ul>\n<li>Programa: <a href=\"https:\/\/iesmarchetti-tuc.infd.edu.ar\/sitio\/wp-content\/uploads\/2019\/09\/Did\u00e1ctica-de-la-F\u00edsica-II.pdf\">2019<\/a><\/li>\n<\/ul>\n<p><span style=\"color: #000000;\">F\u00edsica Contempor\u00e1nea\u00a0<\/span><\/p>\n<p><span style=\"color: #000000;\">Teor\u00eda especial de la relatividad\u00a0<\/span><\/p>\n<p><span style=\"color: #000000;\">EDI\u00a0<\/span><\/p>\n<p><span style=\"color: #000000;\">Geof\u00edsica\u00a0 <\/span><\/p>\n<p><span style=\"color: #000000;\">Epistemolog\u00eda de la F\u00edsica e Investigaci\u00f3n\u00a0<\/span><\/p>\n<p><span style=\"color: #000000;\">Trabajo Final: Proyecto de intervenci\u00f3n educativa en instituciones de nivel secundario.<\/span><\/p>\n<h2>Plan de la Carrera<\/h2>\n<p style=\"text-align: left;\"><span style=\"color: #000000; font-size: 12pt;\">El plan de la carrera se descarga <\/span><span style=\"color: #000000; font-size: 12pt;\">desde <a title=\"Profesorado Ed.Secundaria Fisica\" href=\"upload\/Res._242_-_Profesorado_de_Secundaria_en_Fisica.pdf\" target=\"_blank\" rel=\"noopener\">aqu\u00ed<\/a><\/span><\/p>\n<h2>Correlativas<\/h2>\n<p style=\"text-align: left;\"><span style=\"color: #000000; font-size: 12pt;\">El plan de correlativas <\/span><span style=\"color: #000000; font-size: 12pt;\">desde <a title=\"Profesorado Ed.Secundaria Fisica\" href=\"upload\/Disp._146_-_Correl_Profo_de_Educacion_Secund_Fisica.pdf\" target=\"_blank\" rel=\"noopener\">aqu\u00ed<\/a><\/span><\/p>\n<h2>IMPORTANTE: PARA EL EJE DE LA PR\u00c1CTICA APLICA LA \u00a0<a href=\"https:\/\/iesmarchetti-tuc.infd.edu.ar\/sitio\/wp-content\/uploads\/2021\/12\/Disposicion-N\u00b0-02-21-DESyA.pdf\">Disposici\u00f3n N\u00b0 02-21 DESyA<\/a><\/h2>\n<p style=\"text-align: right;\"><span style=\"color: #506b23; font-size: 12pt;\">\u00a0 <\/span><\/p>\n<p><span style=\"color: #506b23; font-size: 12pt;\">\u00a0<\/span><\/p>\n","protected":false},"excerpt":{"rendered":"<p>Informaci\u00f3n general del Profesorado de sus docentes y de sus estudiantes \u00a0\u00a0\u00a0\u00a0\u00a0 La estructura est\u00e1 disponible si aprietas aqu\u00ed Materias Pedagog\u00eda Programa: 2019 Psicolog\u00eda Educacional Programa: 2019 Did\u00e1ctica General Programa: 2018 Practica I: La instituci\u00f3n\u00a0Educativa. Aproximaciones desde la investigaci\u00f3n educativa Programa: 2018 Problem\u00e1tica de la Educaci\u00f3n Secundaria Programa: 2018 Programa: 2019 Qu\u00edmica C\u00e1lculo I \u00c1lgebra &#8230; <a title=\"Profesorado F\u00edsica\" class=\"read-more\" href=\"https:\/\/iesmarchetti-tuc.infd.edu.ar\/sitio\/profesorado-fisica\/\" aria-label=\"More on Profesorado F\u00edsica\">[+]<\/a><\/p>\n","protected":false},"author":7,"featured_media":0,"parent":0,"menu_order":0,"comment_status":"closed","ping_status":"closed","template":"","meta":[],"acf":[],"_links":{"self":[{"href":"https:\/\/iesmarchetti-tuc.infd.edu.ar\/sitio\/wp-json\/wp\/v2\/pages\/1284"}],"collection":[{"href":"https:\/\/iesmarchetti-tuc.infd.edu.ar\/sitio\/wp-json\/wp\/v2\/pages"}],"about":[{"href":"https:\/\/iesmarchetti-tuc.infd.edu.ar\/sitio\/wp-json\/wp\/v2\/types\/page"}],"author":[{"embeddable":true,"href":"https:\/\/iesmarchetti-tuc.infd.edu.ar\/sitio\/wp-json\/wp\/v2\/users\/7"}],"replies":[{"embeddable":true,"href":"https:\/\/iesmarchetti-tuc.infd.edu.ar\/sitio\/wp-json\/wp\/v2\/comments?post=1284"}],"version-history":[{"count":21,"href":"https:\/\/iesmarchetti-tuc.infd.edu.ar\/sitio\/wp-json\/wp\/v2\/pages\/1284\/revisions"}],"predecessor-version":[{"id":4399,"href":"https:\/\/iesmarchetti-tuc.infd.edu.ar\/sitio\/wp-json\/wp\/v2\/pages\/1284\/revisions\/4399"}],"wp:attachment":[{"href":"https:\/\/iesmarchetti-tuc.infd.edu.ar\/sitio\/wp-json\/wp\/v2\/media?parent=1284"}],"curies":[{"name":"wp","href":"https:\/\/api.w.org\/{rel}","templated":true}]}}