{"id":1274,"date":"2018-06-29T19:05:21","date_gmt":"2018-06-29T22:05:21","guid":{"rendered":"https:\/\/iesmarchetti-tuc.infd.edu.ar\/sitio\/profesorado-educacion-especial\/"},"modified":"2021-12-22T20:14:57","modified_gmt":"2021-12-22T23:14:57","slug":"profesorado-educacion-especial","status":"publish","type":"page","link":"https:\/\/iesmarchetti-tuc.infd.edu.ar\/sitio\/profesorado-educacion-especial\/","title":{"rendered":"Profesorado Educaci\u00f3n Especial"},"content":{"rendered":"<h1 style=\"text-align: center;\"><span class=\"Resaltado1\">Profesorado en Educaci\u00f3n Especial con Orientaci\u00f3n en Discapacidad Intelectual\u00a0<\/span><\/h1>\n<p>La ense\u00f1anza especial es un proceso de ense\u00f1anza &#8211; aprendizaje destinada a ni\u00f1os que viven con problemas, dificultades y\/o patolog\u00edas que dificultan su acceso a la escolaridad com\u00fan. Tiende a desarrollar hasta donde sea posible las capacidades y aptitudes que permitan a los educandos valorar y decidir su propia vida<\/p>\n<h2>Materias:<\/h2>\n<p>Pedagog\u00eda<\/p>\n<p>Did\u00e1ctica general<\/p>\n<ul>\n<li>Programa: <a href=\"https:\/\/iesmarchetti-tuc.infd.edu.ar\/sitio\/wp-content\/uploads\/2019\/05\/PROGRAMA-DID\u00c1CTICA-GENERAL-PEE.pdf\">2019<\/a><\/li>\n<\/ul>\n<p>Alfabetizaci\u00f3n acad\u00e9mica<\/p>\n<ul>\n<li>Programa: <a href=\"https:\/\/iesmarchetti-tuc.infd.edu.ar\/sitio\/wp-content\/uploads\/2019\/03\/Programa-Alfabetizaci\u00f3n-Acad\u00e9mica.pdf\">2018<\/a><\/li>\n<li>Programa: <a href=\"https:\/\/iesmarchetti-tuc.infd.edu.ar\/sitio\/wp-content\/uploads\/2019\/05\/Programa-2019-A.-Acad\u00e9mica-PEE-con-firma-digital.pdf\">2019<\/a><\/li>\n<\/ul>\n<p>Problem\u00e1tica de la educaci\u00f3n especial<\/p>\n<ul>\n<li>Programa: <a href=\"https:\/\/iesmarchetti-tuc.infd.edu.ar\/sitio\/wp-content\/uploads\/2019\/05\/programa-2019-nuevo-formato-2.pdf\">2019<\/a><\/li>\n<\/ul>\n<p>Bases biol\u00f3gicas y neurobiol\u00f3gicas del desarrollo<\/p>\n<ul>\n<li>Programa: <a href=\"https:\/\/iesmarchetti-tuc.infd.edu.ar\/sitio\/wp-content\/uploads\/2019\/05\/iesa-plan-2019.pdf\">2019<\/a><\/li>\n<\/ul>\n<p>Matem\u00e1tica<\/p>\n<ul>\n<li>Programa: <a href=\"https:\/\/iesmarchetti-tuc.infd.edu.ar\/sitio\/wp-content\/uploads\/2019\/09\/Planificacion-matematica-1er-a\u00f1o-PEE-2019.pdf\">2019<\/a><\/li>\n<\/ul>\n<p>Lengua<\/p>\n<ul>\n<li>Programa: <a href=\"https:\/\/iesmarchetti-tuc.infd.edu.ar\/sitio\/wp-content\/uploads\/2019\/09\/LENGUA.pdf\">2019<\/a><\/li>\n<li>Programa: <a href=\"https:\/\/iesmarchetti-tuc.infd.edu.ar\/sitio\/wp-content\/uploads\/2019\/03\/programa-Lengua.pdf\">2018<\/a><\/li>\n<\/ul>\n<p>Ciencias Sociales<\/p>\n<ul>\n<li>Programa: <a href=\"https:\/\/iesmarchetti-tuc.infd.edu.ar\/sitio\/wp-content\/uploads\/2019\/05\/ciencias-sociales-terciario-2019-1.pdf\">2019<\/a><\/li>\n<\/ul>\n<p>Ciencias Naturales<\/p>\n<ul>\n<li>Programa: <a href=\"https:\/\/iesmarchetti-tuc.infd.edu.ar\/sitio\/wp-content\/uploads\/2019\/09\/Ciencias-Naturales.pdf\">2019<\/a><\/li>\n<\/ul>\n<p>Sujeto de la Educaci\u00f3n Especial<\/p>\n<ul>\n<li>Programa: <a href=\"https:\/\/iesmarchetti-tuc.infd.edu.ar\/sitio\/wp-content\/uploads\/2019\/03\/Programa-Sujeto-de-la-Educaci\u00f3n-Especial.pdf\">2018<\/a><\/li>\n<li>Programa: <a href=\"https:\/\/iesmarchetti-tuc.infd.edu.ar\/sitio\/wp-content\/uploads\/2019\/05\/Sujeto-de-la-Educaci\u00f3n-Especial-19.pdf\">2019<\/a><\/li>\n<\/ul>\n<p>Psicolog\u00eda del desarrollo I<\/p>\n<ul>\n<li>Programa: <a href=\"https:\/\/iesmarchetti-tuc.infd.edu.ar\/sitio\/wp-content\/uploads\/2019\/09\/Psicolog\u00eda-del-Desarrollo-.pdf\">2019<\/a><\/li>\n<\/ul>\n<p>La instituci\u00f3n Educativa.<\/p>\n<p>Aproximaciones desde la investigaci\u00f3n educativa. Con Trabajo De Campo<\/p>\n<p>Historia Argentina y Latinoamericana<\/p>\n<p>Historia de la Educaci\u00f3n y Pol\u00edtica Educacional Argentina<\/p>\n<p>Tecnolog\u00eda de Informaci\u00f3n y la Comunicaci\u00f3n<\/p>\n<p>Psicolog\u00eda educacional<\/p>\n<ul>\n<li>Programa: <a href=\"https:\/\/iesmarchetti-tuc.infd.edu.ar\/sitio\/wp-content\/uploads\/2019\/03\/Progr.-Psicolog\u00eda-Educacional.pdf\">2018<\/a><\/li>\n<li>Programa: <a href=\"https:\/\/iesmarchetti-tuc.infd.edu.ar\/sitio\/wp-content\/uploads\/2019\/05\/Psicolog\u00eda-Educacional-19.pdf\">2019<\/a><\/li>\n<\/ul>\n<p>Lengua y su did\u00e1ctica<\/p>\n<p>Matem\u00e1tica y su did\u00e1ctica<\/p>\n<ul>\n<li>Programa: <a href=\"https:\/\/iesmarchetti-tuc.infd.edu.ar\/sitio\/wp-content\/uploads\/2019\/05\/Matem\u00e1tica-y-su-Did\u00e1ctica..pdf\">2019<\/a><\/li>\n<\/ul>\n<p>Ciencias Sociales y su did\u00e1ctica<\/p>\n<p>Ciencias Naturales y su did\u00e1ctica<\/p>\n<ul>\n<li>Programa: <a href=\"https:\/\/iesmarchetti-tuc.infd.edu.ar\/sitio\/wp-content\/uploads\/2019\/03\/PROGRAMA-Ciencias-Naturales-y-su-did\u00e1ctica.pdf\">2018<\/a><\/li>\n<\/ul>\n<p>Educaci\u00f3n Psicomotriz<\/p>\n<p>Trastornos asociados a la discapacidad intelectual<\/p>\n<p>Estructura y curriculum de la educaci\u00f3n especial<\/p>\n<ul>\n<li>Programa: <a href=\"https:\/\/iesmarchetti-tuc.infd.edu.ar\/sitio\/wp-content\/uploads\/2019\/03\/PROGRAMA-Estructura-y-curr\u00edculum-de-la-educaci\u00f3n-especial.pdf\">2018<\/a><\/li>\n<li>Programa: <a href=\"https:\/\/iesmarchetti-tuc.infd.edu.ar\/sitio\/wp-content\/uploads\/2019\/05\/PEE_PROGRAMA_2019_.pdf\">2019<\/a><\/li>\n<\/ul>\n<p>Pr\u00e1ctica II: Escuela, sujetos y contextos. Aproximaciones desde la investigaci\u00f3n\u00a0educativa. Con Trabajo de Campo<\/p>\n<p>\u00c9tica profesional<\/p>\n<p>Epistemolog\u00eda de la educaci\u00f3n especial<\/p>\n<ul>\n<li>Programa: <a href=\"https:\/\/iesmarchetti-tuc.infd.edu.ar\/sitio\/wp-content\/uploads\/2019\/09\/Epistemolog\u00eda-de-la-Educaci\u00f3n-Especial.pdf\">2019<\/a><\/li>\n<\/ul>\n<p>Investigaci\u00f3n<\/p>\n<p>Psicolog\u00eda del desarrollo II<\/p>\n<ul>\n<li>Programa: <a href=\"https:\/\/iesmarchetti-tuc.infd.edu.ar\/sitio\/wp-content\/uploads\/2019\/03\/PROGRAMA-PSicolog\u00eda-del-desarrollo-II.pdf\">2018<\/a><\/li>\n<li>Programa: <a href=\"https:\/\/iesmarchetti-tuc.infd.edu.ar\/sitio\/wp-content\/uploads\/2019\/05\/PROGRAMA-2019-psicologia-del-desarrollo-II.docx.pdf\">2019<\/a><\/li>\n<\/ul>\n<p>Abordaje pedag\u00f3gico del sujeto con discapacidad intelectual I<\/p>\n<ul>\n<li>Programa: <a href=\"https:\/\/iesmarchetti-tuc.infd.edu.ar\/sitio\/wp-content\/uploads\/2019\/03\/Progr.-Abordaje-pedag\u00f3gico-del-sujeto-con-discapacidad-intelectual.pdf\">2018<\/a><\/li>\n<li>Programa: <a href=\"https:\/\/iesmarchetti-tuc.infd.edu.ar\/sitio\/wp-content\/uploads\/2019\/05\/programa-2019-PEE.pdf\">2019<\/a><\/li>\n<\/ul>\n<p>Neuropsicopatolog\u00eda<\/p>\n<ul>\n<li>Programa: <a href=\"https:\/\/iesmarchetti-tuc.infd.edu.ar\/sitio\/wp-content\/uploads\/2019\/09\/NEURPSICOPATOLOGIA-PROGR-2019-para-alumnos-1.pdf\">2019<\/a><\/li>\n<\/ul>\n<p>Comunicaci\u00f3n y lenguaje<\/p>\n<p>Alteraciones del lenguaje asociados a la discapacidad intelectual<\/p>\n<ul>\n<li>Programa: <a href=\"https:\/\/iesmarchetti-tuc.infd.edu.ar\/sitio\/wp-content\/uploads\/2019\/03\/programa-alteraciones-del-lenguaje-2018.pdf\">2018<\/a><\/li>\n<\/ul>\n<p>Expresi\u00f3n Art\u00edstica: Expresi\u00f3n Corporal\/Teatro<\/p>\n<ul>\n<li>Programa: <a href=\"https:\/\/iesmarchetti-tuc.infd.edu.ar\/sitio\/wp-content\/uploads\/2019\/05\/PROGRAMA-2019-expresion-corporal.pdf\">2019<\/a><\/li>\n<\/ul>\n<p>Expresi\u00f3n Art\u00edstica: Pl\u00e1stica\/ M\u00fasica y Musicoterapia<\/p>\n<ul>\n<li>Programa: <a href=\"https:\/\/iesmarchetti-tuc.infd.edu.ar\/sitio\/wp-content\/uploads\/2019\/09\/EXPRESI\u00d3N-ART\u00cdSTICA-PL\u00c1STICA.pdf\">2019<\/a><\/li>\n<li>Programa: <a href=\"https:\/\/iesmarchetti-tuc.infd.edu.ar\/sitio\/wp-content\/uploads\/2019\/03\/Planif-y-programa-Expresion-plastica-PEE.pdf\">2018<\/a><\/li>\n<\/ul>\n<p>Pr\u00e1ctica III: Dise\u00f1os did\u00e1cticos e intervenci\u00f3n en experiencias de ense\u00f1anza. Con trabajo de campo<\/p>\n<ul>\n<li>Programa: <a href=\"https:\/\/iesmarchetti-tuc.infd.edu.ar\/sitio\/wp-content\/uploads\/2019\/09\/Pr\u00e1ctica-III.pdf\">2019<\/a><\/li>\n<\/ul>\n<p>Educaci\u00f3n sexual<\/p>\n<ul>\n<li>Programa: <a href=\"https:\/\/iesmarchetti-tuc.infd.edu.ar\/sitio\/wp-content\/uploads\/2019\/09\/EDUCACI\u00d3N-SEXUAL-PROGRAMA-2019.pdf\">2019<\/a><\/li>\n<\/ul>\n<p>Sociolog\u00eda de la educaci\u00f3n<\/p>\n<ul>\n<li>Programa: <a href=\"https:\/\/iesmarchetti-tuc.infd.edu.ar\/sitio\/wp-content\/uploads\/2019\/09\/Programa-de-Sociologia-de-Educacion.pdf\">2019<\/a><\/li>\n<\/ul>\n<p>Educaci\u00f3n sexual y discapacidad<\/p>\n<ul>\n<li>Programa: <a href=\"https:\/\/iesmarchetti-tuc.infd.edu.ar\/sitio\/wp-content\/uploads\/2019\/09\/EDUCAC-SEXUAL-Y-DISCAPACIDAD-PROGRAMA-2019.pdf\">2019<\/a><\/li>\n<li>Programa: <a href=\"https:\/\/iesmarchetti-tuc.infd.edu.ar\/sitio\/wp-content\/uploads\/2019\/03\/PROGR.-EDUCAC-SEXUAL-Y-DISCAPACIDAD.pdf\">2018<\/a><\/li>\n<\/ul>\n<p>Abordaje pedag\u00f3gico del sujeto con discapacidad intelectual II<\/p>\n<ul>\n<li>Programa: <a href=\"https:\/\/iesmarchetti-tuc.infd.edu.ar\/sitio\/wp-content\/uploads\/2019\/09\/Programa-Carrera-Especial-Abordaje-II-Prof.-Gabriela-Torres.pdf\">2019<\/a><\/li>\n<\/ul>\n<p>Recursos para la ense\u00f1anza<\/p>\n<p>Problem\u00e1tica de la evaluaci\u00f3n educativa<\/p>\n<p>Pol\u00edtica y legislaci\u00f3n para el discapacitado<\/p>\n<ul>\n<li>Programa: <a href=\"https:\/\/iesmarchetti-tuc.infd.edu.ar\/sitio\/wp-content\/uploads\/2019\/09\/Pol\u00edtica-y-legislaci\u00f3n-para-las-personas-con-discapacidad-.pdf\">2019<\/a><\/li>\n<\/ul>\n<p>Educaci\u00f3n permanente<\/p>\n<p>Atenci\u00f3n temprana<\/p>\n<p>Residencia<\/p>\n<ul>\n<li>Programa: <a href=\"https:\/\/iesmarchetti-tuc.infd.edu.ar\/sitio\/wp-content\/uploads\/2019\/03\/Programa-de-Residencia.pdf\">2018<\/a><\/li>\n<\/ul>\n<h1>Plan de la carrera<\/h1>\n<p>Puedes descargarlo desde <a title=\"Educaci\u00f3n Especial\" href=\"upload\/Especial_Intelectuales_Res._645-5.pdf\" target=\"_blank\" rel=\"noopener\">aqui<\/a><\/p>\n<p>Plan de correlativas PLAN VIEJO descargar desde <a title=\"Plan Especial Viejo\" href=\"upload\/PLAN_PROFESORADO_PEE.xlsx\" target=\"_blank\" rel=\"noopener\">aqui<\/a><\/p>\n<p>Plan de correlativas PLAN \u00a0<a href=\"https:\/\/iesmarchetti-tuc.infd.edu.ar\/sitio\/wp-content\/uploads\/2019\/05\/CORRELATIVAS-PROFESORADO-EN-EDUCACI\u00d3N-ESPECIAL-CON-ORIENTACI\u00d3N-EN-DISCAPACIDAD-INTELECTUAL-RES645.pdf\">CORRELATIVAS PROFESORADO EN EDUCACI\u00d3N ESPECIAL CON ORIENTACI\u00d3N EN DISCAPACIDAD INTELECTUAL RES645<\/a><\/p>\n<h2>IMPORTANTE: PARA EL EJE DE LA PR\u00c1CTICA APLICA LA \u00a0<a href=\"https:\/\/iesmarchetti-tuc.infd.edu.ar\/sitio\/wp-content\/uploads\/2021\/12\/Disposicion-N\u00b0-02-21-DESyA.pdf\">Disposici\u00f3n N\u00b0 02-21 DESyA<\/a><\/h2>\n\n\n<p><\/p>\n","protected":false},"excerpt":{"rendered":"<p>Profesorado en Educaci\u00f3n Especial con Orientaci\u00f3n en Discapacidad Intelectual\u00a0 La ense\u00f1anza especial es un proceso de ense\u00f1anza &#8211; aprendizaje destinada a ni\u00f1os que viven con problemas, dificultades y\/o patolog\u00edas que dificultan su acceso a la escolaridad com\u00fan. Tiende a desarrollar hasta donde sea posible las capacidades y aptitudes que permitan a los educandos valorar y &#8230; <a title=\"Profesorado Educaci\u00f3n Especial\" class=\"read-more\" href=\"https:\/\/iesmarchetti-tuc.infd.edu.ar\/sitio\/profesorado-educacion-especial\/\" aria-label=\"More on Profesorado Educaci\u00f3n Especial\">[+]<\/a><\/p>\n","protected":false},"author":7,"featured_media":0,"parent":0,"menu_order":0,"comment_status":"closed","ping_status":"closed","template":"","meta":[],"acf":[],"_links":{"self":[{"href":"https:\/\/iesmarchetti-tuc.infd.edu.ar\/sitio\/wp-json\/wp\/v2\/pages\/1274"}],"collection":[{"href":"https:\/\/iesmarchetti-tuc.infd.edu.ar\/sitio\/wp-json\/wp\/v2\/pages"}],"about":[{"href":"https:\/\/iesmarchetti-tuc.infd.edu.ar\/sitio\/wp-json\/wp\/v2\/types\/page"}],"author":[{"embeddable":true,"href":"https:\/\/iesmarchetti-tuc.infd.edu.ar\/sitio\/wp-json\/wp\/v2\/users\/7"}],"replies":[{"embeddable":true,"href":"https:\/\/iesmarchetti-tuc.infd.edu.ar\/sitio\/wp-json\/wp\/v2\/comments?post=1274"}],"version-history":[{"count":25,"href":"https:\/\/iesmarchetti-tuc.infd.edu.ar\/sitio\/wp-json\/wp\/v2\/pages\/1274\/revisions"}],"predecessor-version":[{"id":4397,"href":"https:\/\/iesmarchetti-tuc.infd.edu.ar\/sitio\/wp-json\/wp\/v2\/pages\/1274\/revisions\/4397"}],"wp:attachment":[{"href":"https:\/\/iesmarchetti-tuc.infd.edu.ar\/sitio\/wp-json\/wp\/v2\/media?parent=1274"}],"curies":[{"name":"wp","href":"https:\/\/api.w.org\/{rel}","templated":true}]}}