{"id":1258,"date":"2018-06-29T19:05:15","date_gmt":"2018-06-29T22:05:15","guid":{"rendered":"https:\/\/iesmarchetti-tuc.infd.edu.ar\/sitio\/informacion-para-alumnos\/"},"modified":"2023-02-07T14:24:48","modified_gmt":"2023-02-07T17:24:48","slug":"informacion-para-alumnos","status":"publish","type":"page","link":"https:\/\/iesmarchetti-tuc.infd.edu.ar\/sitio\/informacion-para-alumnos\/","title":{"rendered":"HISTORIAL INFORMACI\u00d3N PARA ALUMNOS 2022"},"content":{"rendered":"\n<p><\/p>\n\n\n\n<h1 class=\"has-text-align-center has-cyan-bluish-gray-background-color has-background wp-block-heading\">INICIO 2DO CUATRIMESTRE 16 DE AGOSTO DE 2022.<\/h1>\n\n\n\n<hr class=\"wp-block-separator has-css-opacity\"\/>\n\n\n\n<h1 class=\"has-text-align-center has-cyan-bluish-gray-background-color has-background wp-block-heading\">REINSCRIPCI\u00d3N&nbsp;MATERIAS DEL 2DO CUATRIMESTRE&nbsp;DEL 16\/08\/2022 AL 17\/08\/2022 <\/h1>\n\n\n\n<p class=\"has-pale-pink-background-color has-background\">La reinscripci\u00f3n es para los espacios curriculares del 2do cuatrimestre (no anuales) para l@s alumn@s inscriptos en tiempo y forma a principio de a\u00f1o y con seguro escolar.<\/p>\n\n\n\n<div class=\"wp-block-group has-cyan-bluish-gray-background-color has-background is-layout-flow\"><div class=\"wp-block-group__inner-container\">\n<p>Profesorado en Educaci\u00f3n Especial <a href=\"https:\/\/forms.gle\/hrXG3ZkuP66rKX6eA\" target=\"_blank\" rel=\"noreferrer noopener\">https:\/\/forms.gle\/hrXG3ZkuP66rKX6eA<\/a><\/p>\n\n\n\n<p>Profesorado en F\u00edsica <a href=\"https:\/\/forms.gle\/ELMFex6HPdUxgnGn9\" target=\"_blank\" rel=\"noreferrer noopener\">https:\/\/forms.gle\/ELMFex6HPdUxgnGn9<\/a><\/p>\n\n\n\n<p>Profesorado en Educaci\u00f3n Inicial <a href=\"https:\/\/forms.gle\/TGUrBvGRt7QorDzi6\" target=\"_blank\" rel=\"noreferrer noopener\">https:\/\/forms.gle\/TGUrBvGRt7QorDzi6<\/a><\/p>\n\n\n\n<p>Profesorado en Lengua y Literatura <a href=\"https:\/\/forms.gle\/xPyvABaZ79E2CPHW7\" target=\"_blank\" rel=\"noreferrer noopener\">https:\/\/forms.gle\/xPyvABaZ79E2CPHW7<\/a><\/p>\n\n\n\n<p>Profesorado en Historia <a href=\"https:\/\/forms.gle\/KXdJxqALhbd6mBdT8\" target=\"_blank\" rel=\"noreferrer noopener\">https:\/\/forms.gle\/KXdJxqALhbd6mBdT8<\/a><\/p>\n\n\n\n<p>Profesorado en Matem\u00e1ticas  <a href=\"https:\/\/forms.gle\/yTbsuGEQUzQk7Jvc6\" target=\"_blank\" rel=\"noreferrer noopener\">https:\/\/forms.gle\/yTbsuGEQUzQk7Jvc6<\/a><\/p>\n<\/div><\/div>\n\n\n\n<p><\/p>\n\n\n\n<p class=\"has-vivid-red-color has-pale-cyan-blue-background-color has-text-color has-background has-huge-font-size\">INICIO DE CLASES 28 DE MARZO DE 2022.<\/p>\n\n\n\n<div class=\"wp-block-group has-cyan-bluish-gray-background-color has-background is-layout-flow\"><div class=\"wp-block-group__inner-container\">\n<h1 class=\"wp-block-heading\">IMPORTANTE: CIERRE DE INSCRIPCI\u00d3N BECAS PROGRESAR 30 DE ABRIL DE 2022.<\/h1>\n\n\n\n<h1 class=\"wp-block-heading\">Recepci\u00f3n de documentaci\u00f3n completa en folio con r\u00f3tulo para BECAS PROGRESAR hasta el d\u00eda 6 de mayo de 2022:<\/h1>\n\n\n\n<ul>\n<li>Martes de 18:30 a 20:20hs. y viernes de 19:40 a 21:30hs. Profesor Carlos Bulacio.<\/li>\n\n\n\n<li>Martes&nbsp; de 18:30 a 21 hs. Profesora Ivone Villafa\u00f1e.<\/li>\n<\/ul>\n<\/div><\/div>\n\n\n\n<p><\/p>\n\n\n\n<p class=\"has-text-align-center has-cyan-bluish-gray-background-color has-background has-large-font-size\">RECEPCI\u00d3N DE DOCUMENTACI\u00d3N COMPLETA PARA SOLICITUD DE EQUIVALENCIAS PARA ALUMNOS <strong>INGRESANTES 1ER A\u00d1O 2022<\/strong> DEL 28 DE MARZO DE 2022 AL 8 DE ABRIL DE 2022 DE 19:30 A 21HS.<\/p>\n\n\n\n<p class=\"has-large-font-size\">Cronograma pago Seguro Escolar Obligatorio 2022:<\/p>\n\n\n\n<div class=\"wp-block-file\"><a id=\"wp-block-file--media-84d78c6e-ef46-49cc-964b-abc07ac17ca7\" href=\"https:\/\/iesmarchetti-tuc.infd.edu.ar\/sitio\/wp-content\/uploads\/2022\/03\/Circular-No-18-Resolucion-1.pdf\">Circular-No-18-Resolucion-1<\/a><a href=\"https:\/\/iesmarchetti-tuc.infd.edu.ar\/sitio\/wp-content\/uploads\/2022\/03\/Circular-No-18-Resolucion-1.pdf\" class=\"wp-block-file__button wp-element-button\" download aria-describedby=\"wp-block-file--media-84d78c6e-ef46-49cc-964b-abc07ac17ca7\">Descarga<\/a><\/div>\n\n\n\n<p class=\"has-light-green-cyan-background-color has-background\">17 de marzo de 2022 de 19 a 21hs.: PAGO DEL SEGURO ESCOLAR OBLIGATORIO: 2DO A 4TO A\u00d1O, RECURSANTES Y READMITIDOS 1ER A\u00d1O. Valor $700 (setecientos pesos) Profesorado en Historia.<\/p>\n\n\n\n<p class=\"has-light-green-cyan-background-color has-background\">18 de marzo de 2022 de 19 a 21hs.: PAGO DEL SEGURO ESCOLAR OBLIGATORIO: 2DO A 4TO A\u00d1O, RECURSANTES Y READMITIDOS 1ER A\u00d1O. Valor $700 (setecientos pesos) Profesorado en Lengua y Literatura.<\/p>\n\n\n\n<p class=\"has-light-green-cyan-background-color has-background\">22 de marzo de 2022 de 19 a 21hs.: PAGO DEL SEGURO ESCOLAR OBLIGATORIO: 2DO A 4TO A\u00d1O, RECURSANTES Y READMITIDOS 1ER A\u00d1O. Valor $700 (setecientos pesos) Profesorado en Educaci\u00f3n Inicial.<\/p>\n\n\n\n<p class=\"has-light-green-cyan-background-color has-background\">23 de marzo de 2022 de 19 a 21hs.: PAGO DEL SEGURO ESCOLAR OBLIGATORIO: 2DO A 4TO A\u00d1O, RECURSANTES Y READMITIDOS 1ER A\u00d1O. Valor $700 (setecientos pesos) Profesorado en Educaci\u00f3n Especial.<\/p>\n\n\n\n<p class=\"has-light-green-cyan-background-color has-background\">25 de marzo de 2022 de 19 a 21hs.: PAGO DEL SEGURO ESCOLAR OBLIGATORIO: 2DO A 4TO A\u00d1O, RECURSANTES Y READMITIDOS 1ER A\u00d1O. Valor $700 (setecientos pesos) Profesorado en Matem\u00e1ticas.<\/p>\n\n\n\n<p class=\"has-light-green-cyan-background-color has-background\">29 de marzo de 2022 de 19 a 21hs.: PAGO DEL SEGURO ESCOLAR OBLIGATORIO: 2DO A 4TO A\u00d1O, RECURSANTES Y READMITIDOS 1ER A\u00d1O. Valor $700 (setecientos pesos) Profesorado en F\u00edsica.<\/p>\n\n\n\n<div class=\"wp-block-group has-cyan-bluish-gray-background-color has-background is-layout-flow\"><div class=\"wp-block-group__inner-container\">\n<p class=\"has-text-align-center has-large-font-size\">FORMULARIOS DE REINSCRIPCI\u00d3N 2DO A 4TO A\u00d1O, RECURSANTES, READMITIDOS Y CAMBIO DE PLAN RESIDUAL A PLAN NUEVO.<\/p>\n\n\n\n<p class=\"has-medium-font-size\">Los mismos se encontrar\u00e1n habilitados del 14 de marzo de 2022 al 23 de marzo de 2022 a las 19hs.<\/p>\n\n\n\n<p class=\"has-text-align-center has-large-font-size\">REAPERTURA  DE ENLACES DE REINSCRIPCI\u00d3N DEL 25 DE MARZO AL 27 DE MARZO DE 2022 HASTA LAS 23HS.<\/p>\n\n\n\n<p class=\"has-pale-cyan-blue-background-color has-background has-medium-font-size\">PLANES RESIDUALES:<\/p>\n\n\n\n<ul>\n<li>LENGUA PLAN RESIDUAL <a rel=\"noreferrer noopener\" href=\"https:\/\/forms.gle\/N8AMpT86iEXvkW8aA\" target=\"_blank\">https:\/\/forms.gle\/N8AMpT86iEXvkW8aA<\/a><\/li>\n\n\n\n<li>HISTORIA PLAN RESIDUAL <a rel=\"noreferrer noopener\" href=\"https:\/\/forms.gle\/toqSW32RM5jChKVEA\" target=\"_blank\">https:\/\/forms.gle\/toqSW32RM5jChKVEA<\/a><\/li>\n\n\n\n<li>MATEM\u00c1TICA PLAN RESIDUAL <a rel=\"noreferrer noopener\" href=\"https:\/\/forms.gle\/UE6MLFniZT8MLCSu5\" target=\"_blank\">https:\/\/forms.gle\/UE6MLFniZT8MLCSu5<\/a><\/li>\n\n\n\n<li>INICIAL PLAN RESIDUAL <a href=\"https:\/\/forms.gle\/uZf1WPhAX2zVk5q26\" target=\"_blank\" rel=\"noreferrer noopener\">https:\/\/forms.gle\/uZf1WPhAX2zVk5q26<\/a><\/li>\n<\/ul>\n\n\n\n<p class=\"has-pale-cyan-blue-background-color has-background\">PLANES NUEVOS:<\/p>\n\n\n\n<ul>\n<li>PROFESORADO EN HISTORIA <a href=\"https:\/\/forms.gle\/kKbJYS4Q2LeD7iMc6\" target=\"_blank\" rel=\"noreferrer noopener\">https:\/\/forms.gle\/kKbJYS4Q2LeD7iMc6<\/a><\/li>\n\n\n\n<li>PROFESORADO EN LENGUA Y LITERATURA <a href=\"https:\/\/forms.gle\/tL7TL8Hd7UW3WiA48\" target=\"_blank\" rel=\"noreferrer noopener\">https:\/\/forms.gle\/tL7TL8Hd7UW3WiA48<\/a><\/li>\n\n\n\n<li>PROFESORADO EN MATEM\u00c1TICA <a href=\"https:\/\/forms.gle\/fw8w35XvKxAG5XXx7\" target=\"_blank\" rel=\"noreferrer noopener\">https:\/\/forms.gle\/fw8w35XvKxAG5XXx7<\/a><\/li>\n\n\n\n<li>PROFESORADO EN F\u00cdSICA<a href=\"https:\/\/forms.gle\/PWuuSAReh3ZxU4jw5\" target=\"_blank\" rel=\"noreferrer noopener\"> https:\/\/forms.gle\/PWuuSAReh3ZxU4jw5<\/a><\/li>\n\n\n\n<li>PROFESORADO EN EDUCACI\u00d3N ESPECIAL <a href=\"https:\/\/forms.gle\/N2FUbYeQvr5MPkSUA\" target=\"_blank\" rel=\"noreferrer noopener\">https:\/\/forms.gle\/N2FUbYeQvr5MPkSUA<\/a><\/li>\n\n\n\n<li>PROFESORADO EN EDUCACI\u00d3N INICIAL <a href=\"https:\/\/forms.gle\/6zSPpjy13zUtJdqK7\" target=\"_blank\" rel=\"noreferrer noopener\">https:\/\/forms.gle\/6zSPpjy13zUtJdqK7<\/a><\/li>\n<\/ul>\n\n\n\n<p>ALUMNOS QUE REALIZAN REINSCRIPCI\u00d3N DEBER\u00c1N PRESENTAR CON SU RESPECTIVO PRECEPTOR DEL 11 DE ABRIL DE 2022 AL 13 DE ABRIL DE 2022 DE 19 A 21HS:<\/p>\n\n\n\n<ul>\n<li>Copia impresa del formulario de reinscripci\u00f3n que llenaron y recibieron en el correo electr\u00f3nico que consignaron (controlar escribirlo correctamente, que no llegue a la carpeta de spam, que el correo est\u00e9 en uso, que la casilla no se encuentre llena, tildar las diferentes opciones, etc.)<\/li>\n\n\n\n<li>Copia del comprobante pago del Seguro Escolar.<\/li>\n<\/ul>\n\n\n\n<p>ALUMNOS QUE FUERON READMITIDOS DEBER\u00c1N PRESENTAR CON SU RESPECTIVO PRECEPTOR DEL 11 DE ABRIL DE 2022 AL 13 DE ABRIL DE 2022 DE 19 A 21HS:<\/p>\n\n\n\n<ul>\n<li>Copia impresa del formulario de reinscripci\u00f3n que llenaron y recibieron en el correo electr\u00f3nico que consignaron (controlar escribirlo correctamente, que no llegue a la carpeta de spam, que el correo est\u00e9 en uso, que la casilla no se encuentre llena, tildar las diferentes opciones, etc.)<\/li>\n\n\n\n<li>Copia del comprobante pago del Seguro Escolar.<\/li>\n\n\n\n<li>Copia de nota de autorizaci\u00f3n de readmisi\u00f3n.<\/li>\n<\/ul>\n\n\n\n<p>ALUMNOS QUE REALIZARON CAMBIO DE PLAN RESIDUAL A PLAN NUEVO  DEBER\u00c1N PRESENTAR CON SU RESPECTIVO PRECEPTOR DEL 11 DE ABRIL DE 2022 AL 13 DE ABRIL DE 2022 DE 19 A 21HS:<\/p>\n\n\n\n<ul>\n<li>Copia impresa del formulario de reinscripci\u00f3n que llenaron y recibieron en el correo electr\u00f3nico que consignaron (controlar escribirlo correctamente, que no llegue a la carpeta de spam, que el correo est\u00e9 en uso, que la casilla no se encuentre llena, tildar las diferentes opciones, etc.)<\/li>\n\n\n\n<li>Copia del comprobante pago del Seguro Escolar.<\/li>\n\n\n\n<li>Documentaci\u00f3n completa para el legajo (ver en esta p\u00e1gina la secci\u00f3n DOCUMENTACI\u00d3N A PRESENTAR INGRESO 2022)<\/li>\n<\/ul>\n<\/div><\/div>\n\n\n\n<p><\/p>\n\n\n\n<h2 class=\"has-light-green-cyan-background-color has-background wp-block-heading\">RECEPCI\u00d3N DE PASES DEL 28 DE MARZO DE 2022 AL 01 DE ABRIL DE 2022 DE 19 A 21HS.<\/h2>\n\n\n\n<div class=\"wp-block-group is-layout-flow\"><div class=\"wp-block-group__inner-container\">\n<div class=\"wp-block-group alignfull is-layout-flow\"><div class=\"wp-block-group__inner-container\">\n<p class=\"has-pale-cyan-blue-background-color has-background has-large-font-size\">BECAS PROGRESAR.<\/p>\n\n\n\n<p class=\"has-pale-cyan-blue-background-color has-background has-medium-font-size\"><strong>A partir del 1ero de marzo 2022 y hasta el 30 de abril<\/strong>, est\u00e1n abiertas las inscripciones de todas las l\u00edneas de becas&nbsp;<strong>Progres<em><u>ar<\/u><\/em><\/strong>&nbsp;a trav\u00e9s de la plataforma&nbsp;<a rel=\"noreferrer noopener\" href=\"https:\/\/www.argentina.gob.ar\/educacion\/progresar\" target=\"_blank\">https:\/\/www.argentina.gob.ar\/educacion\/progresar<\/a><\/p>\n<\/div><\/div>\n<\/div><\/div>\n\n\n\n<p><\/p>\n\n\n\n<div class=\"wp-block-group has-cyan-bluish-gray-background-color has-background is-layout-flow\"><div class=\"wp-block-group__inner-container\">\n<p><strong>Documentaci\u00f3n a presentar ingreso 2022<\/strong>:<\/p>\n\n\n\n<p><strong>RECEPCI\u00d3N DE DOCUMENTACI\u00d3N PARA EL LEGAJO CON SU RESPECTIVO PRECEPTOR DEL 4 DE ABRIL DE 2022 AL 8 DE ABRIL DE 2022 DE 19 A 21HS. EN UN FOLIO TAMA\u00d1O OFICIO CON R\u00d3TULO.<\/strong><\/p>\n\n\n\n<ul>\n<li>D.N.I. y copia de D.N.I.<\/li>\n\n\n\n<li>Acta de Nacimiento original y copia.<\/li>\n\n\n\n<li>Original y copia de T\u00edtulo Secundario. En caso de no tenerlo a\u00fan, constancia original de T\u00edtulo en tr\u00e1mite.&nbsp;<strong>Plazo m\u00e1ximo de presentaci\u00f3n de original y Titulo del Secundario 12 de agosto de 2022.<\/strong><\/li>\n\n\n\n<li>Ficha de aptitud f\u00edsica y psicol\u00f3gica original y copia emitido por organismo p\u00fablico.<\/li>\n\n\n\n<li>Dos fotos tipo carnet.<\/li>\n\n\n\n<li>Ficha de documentaci\u00f3n presentada<\/li>\n<\/ul>\n\n\n\n<p><a href=\"https:\/\/iesmarchetti-tuc.infd.edu.ar\/sitio\/wp-content\/uploads\/2022\/03\/FORMULARIO-PRESENTACION-DE-DOCUMENTACION.docx\">FORMULARIO-PRESENTACION-DE-DOCUMENTACION<\/a><a href=\"https:\/\/iesmarchetti-tuc.infd.edu.ar\/sitio\/wp-content\/uploads\/2022\/03\/FORMULARIO-PRESENTACION-DE-DOCUMENTACION.docx\">Descarga<\/a><\/p>\n\n\n\n<ul>\n<li>Comprobante de pago de Seguro Escolar Obligatorio original y copia.&nbsp;<strong>Costo del Seguro Escolar Obligatorio 2022 $700 (setecientos pesos)<\/strong>. Llevar el importe justo.<\/li>\n<\/ul>\n\n\n\n<p>Circular N\u00b018 Sobre Seguro Escolar Obligatorio.<a href=\"https:\/\/iesmarchetti-tuc.infd.edu.ar\/sitio\/wp-content\/uploads\/2022\/03\/Circular-No-18-Resolucion-1.pdf\">Circular-No-18-Resolucion-1<\/a><a href=\"https:\/\/iesmarchetti-tuc.infd.edu.ar\/sitio\/wp-content\/uploads\/2022\/03\/Circular-No-18-Resolucion-1.pdf\">Descarga<\/a><\/p>\n\n\n\n<p>CRONOGRAMA PAGO DEL SEGURO ESCOLAR OBLIGATORIO PARA ALUMNOS INGRESO 2022:<\/p>\n\n\n\n<p>ATENCI\u00d3N:<\/p>\n\n\n\n<p>SE REPROGRAMA EL PAGO DE SEGURO ESCOLAR PARA LOS INGRESANTES 2022.<\/p>\n\n\n\n<p>Nuevo Cronograma:<\/p>\n\n\n\n<p>Profesorado en Historia: martes 08 de marzo de 2022 de 19 a 21hs.<\/p>\n\n\n\n<p>Profesorado en Matem\u00e1ticas: mi\u00e9rcoles 09 de marzo de 2022 de 19 a 21hs.<\/p>\n\n\n\n<p>Profesorado en Lengua y Literatura: jueves 10 de marzo de 2022 de 19 a 21hs.<\/p>\n\n\n\n<p>Profesorado en Educaci\u00f3n Inicial: viernes 11 de marzo de 2022 de 19 a 21hs.<\/p>\n\n\n\n<p>Profesorado en F\u00edsica: martes 15 de marzo de 2022 de 19 a 21hs.<\/p>\n\n\n\n<p>Profesorado en Educaci\u00f3n Especial: mi\u00e9rcoles 16 de marzo de 2022 de 19 a 21hs.<\/p>\n\n\n\n<ul>\n<li>Formulario de inscripci\u00f3n: leer atentamente y completar con la informaci\u00f3n solicitada. Controlar colocar correctamente el correo electr\u00f3nico en uso:<\/li>\n<\/ul>\n\n\n\n<p>PROFESORADO EN MATEM\u00c1TICA:&nbsp;<a rel=\"noreferrer noopener\" href=\"https:\/\/forms.gle\/gtoNdUwkD1965Duy6\" target=\"_blank\">https:\/\/forms.gle\/gtoNdUwkD1965Duy6<\/a><br>PROFESORADO EN LENGUA Y LITERATURA:&nbsp;<a rel=\"noreferrer noopener\" href=\"https:\/\/forms.gle\/XSMmuKgHvJwzsPj18\" target=\"_blank\">https:\/\/forms.gle\/XSMmuKgHvJwzsPj18<\/a><br>PROFESORADO EN EDUCACI\u00d3N ESPECIAL:&nbsp;<a rel=\"noreferrer noopener\" href=\"https:\/\/forms.gle\/EeA3sdnvjayJvvAa8\" target=\"_blank\">https:\/\/forms.gle\/EeA3sdnvjayJvvAa8<\/a><br>PROFESORADO EN F\u00cdSICA:&nbsp;<a rel=\"noreferrer noopener\" href=\"https:\/\/forms.gle\/LY3BNJCaqBMkvixJ7\" target=\"_blank\">https:\/\/forms.gle\/LY3BNJCaqBMkvixJ7<\/a><br>PROFESORADO EN EDUCACI\u00d3N INICIAL:&nbsp;<a rel=\"noreferrer noopener\" href=\"https:\/\/forms.gle\/AtdC6zgMLA17qQ799\" target=\"_blank\">https:\/\/forms.gle\/AtdC6zgMLA17qQ799<\/a><br>PROFESORADO EN HISTORIA:&nbsp;<a rel=\"noreferrer noopener\" href=\"https:\/\/forms.gle\/iNmr52mcZD3vvbpL8\" target=\"_blank\">https:\/\/forms.gle\/iNmr52mcZD3vvbpL8<\/a><\/p>\n\n\n\n<ul>\n<li>Copia impresa del formulario de inscripci\u00f3n que llenaron y recibieron en el correo electr\u00f3nico que consignaron (controlar escribirlo correctamente, que no llegue a la carpeta de spam, que el correo est\u00e9 en uso, que la casilla no se encuentre llena, tildar las diferentes opciones, etc.)<\/li>\n<\/ul>\n\n\n\n<p><strong>EL FORMULARIO DE INSCRIPCI\u00d3N PARA LOS INGRESANTES PERMANECER\u00c1 HABILITADO HASTA EL D\u00cdA 23 DE MARZO DE 2022 A LAS 19HS.<\/strong><\/p>\n\n\n\n<p class=\"has-large-font-size\">REAPERTURA DE ENLACES DE REINSCRIPCI\u00d3N DEL 25 DE MARZO AL 27 DE MARZO DE 2022 HASTA LAS 23HS.<\/p>\n<\/div><\/div>\n\n\n\n<p><\/p>\n\n\n\n<p><\/p>\n\n\n\n<div class=\"wp-block-group has-pale-cyan-blue-background-color has-background is-layout-flow\"><div class=\"wp-block-group__inner-container\">\n<p class=\"has-large-font-size\">28 de febrero al 11 de marzo de 2022 de 19 a 21hs.: Recepci\u00f3n de documentaci\u00f3n para solicitar equivalencias.<\/p>\n\n\n\n<p>Atenci\u00f3n: se recibir\u00e1n las solicitudes de equivalencias del a\u00f1o en&nbsp;curso.<\/p>\n\n\n\n<ul>\n<li>Nota de solicitud dirigida a la Profesora a cargo de direcci\u00f3n (original y copia)&nbsp;<a href=\"https:\/\/iesmarchetti-tuc.infd.edu.ar\/sitio\/wp-content\/uploads\/2021\/04\/NOTA-SOLICITUD.docx\">NOTA SOLICITUD<\/a><\/li>\n\n\n\n<li>Cuadro lista de materias a solicitar completa.&nbsp;<a href=\"https:\/\/iesmarchetti-tuc.infd.edu.ar\/sitio\/wp-content\/uploads\/2021\/04\/CUADRO-PARA-LISTA-DE-MATERIAS-A-SOLICITAR-EQUIVALENCIA.docx\">CUADRO PARA LISTA DE MATERIAS A SOLICITAR EQUIVALENCIA<\/a><\/li>\n\n\n\n<li>Nota de Informe de C\u00e1tedra \u2013 1 copia en blanco por cada materia por la que se solicita equivalencia.&nbsp;<a href=\"https:\/\/iesmarchetti-tuc.infd.edu.ar\/sitio\/wp-content\/uploads\/2021\/04\/Informe-de-C%C3%A1tedra.docx\">Informe de C\u00e1tedra<\/a><\/li>\n\n\n\n<li>Acta de otorgamiento de equivalencia&nbsp;<a href=\"https:\/\/iesmarchetti-tuc.infd.edu.ar\/sitio\/wp-content\/uploads\/2021\/04\/ACTA-DE-OTORGAMIENTO-EQUIVALENCIA.docx\">ACTA DE OTORGAMIENTO EQUIVALENCIA<\/a><\/li>\n<\/ul>\n\n\n\n<p>Adjuntar toda la documentaci\u00f3n que se pide en la Nota de Solicitud:<\/p>\n\n\n\n<ul>\n<li>Plan de Estudios de la carrera de origen debidamente autenticado.<\/li>\n\n\n\n<li>Certificado anal\u00edtico original expedido por la Instituci\u00f3n en donde aprob\u00f3 la\/las asignatura\/s, donde constan calificaciones obtenidas, fecha\/s de examen, n\u00famero\/s de acta y folio de libro\/s respectivo\/s.<\/li>\n\n\n\n<li>Programa\/s Anal\u00edtico\/s debidamente autenticado\/s de cada asignatura a solicitar equivalencia.<\/li>\n\n\n\n<li>Certificaci\u00f3n original donde conste si ha sido o no pasible de sanciones disciplinarias en la Instituci\u00f3n de origen, indicando en caso afirmativo las causales de las mismas.<\/li>\n<\/ul>\n\n\n\n<p>La documentaci\u00f3n completa deber\u00e1 ser presentada en un folio con r\u00f3tulo que incluya: Apellido\/s y Nombre\/s \u2013 Carrera<\/p>\n<\/div><\/div>\n\n\n\n<p><\/p>\n\n\n\n<p class=\"has-light-green-cyan-background-color has-background has-large-font-size\">21 al 25 de marzo de 2022 de 19 a 21hs.: Recepci\u00f3n de Pases con documentaci\u00f3n completa.<\/p>\n\n\n\n<p><\/p>\n\n\n\n<p><\/p>\n\n\n\n<div class=\"wp-block-group has-luminous-vivid-amber-background-color has-background is-layout-flow\"><div class=\"wp-block-group__inner-container\">\n<p class=\"has-large-font-size\">DOCUMENTOS\/DISPOSICIONES\/TUTORIALES<\/p>\n\n\n\n<div class=\"wp-block-file\"><a id=\"wp-block-file--media-ac57afda-e276-4042-aea8-bcb061ce3253\" href=\"https:\/\/iesmarchetti-tuc.infd.edu.ar\/sitio\/wp-content\/uploads\/2022\/02\/RAI-Marchetti.pdf\">RAI Marchetti<\/a><a href=\"https:\/\/iesmarchetti-tuc.infd.edu.ar\/sitio\/wp-content\/uploads\/2022\/02\/RAI-Marchetti.pdf\" class=\"wp-block-file__button wp-element-button\" download aria-describedby=\"wp-block-file--media-ac57afda-e276-4042-aea8-bcb061ce3253\">Descarga<\/a><\/div>\n\n\n\n<div class=\"wp-block-file\"><a id=\"wp-block-file--media-09b32b95-7f3f-40bf-b763-3592fb6d3aeb\" href=\"https:\/\/iesmarchetti-tuc.infd.edu.ar\/sitio\/wp-content\/uploads\/2022\/02\/Disposicion-3-DESyA-2019-PLANES-RESIDUALES.pdf\">Disposicion-3-DESyA-2019-PLANES-RESIDUALES<\/a><a href=\"https:\/\/iesmarchetti-tuc.infd.edu.ar\/sitio\/wp-content\/uploads\/2022\/02\/Disposicion-3-DESyA-2019-PLANES-RESIDUALES.pdf\" class=\"wp-block-file__button wp-element-button\" download aria-describedby=\"wp-block-file--media-09b32b95-7f3f-40bf-b763-3592fb6d3aeb\">Descarga<\/a><\/div>\n\n\n\n<div class=\"wp-block-file\"><a id=\"wp-block-file--media-cf8ae5a9-c021-4f6b-9bc5-3171eddb498b\" href=\"https:\/\/iesmarchetti-tuc.infd.edu.ar\/sitio\/wp-content\/uploads\/2022\/02\/Disposicion_10.pdf\">Disposicion_10<\/a><a href=\"https:\/\/iesmarchetti-tuc.infd.edu.ar\/sitio\/wp-content\/uploads\/2022\/02\/Disposicion_10.pdf\" class=\"wp-block-file__button wp-element-button\" download aria-describedby=\"wp-block-file--media-cf8ae5a9-c021-4f6b-9bc5-3171eddb498b\">Descarga<\/a><\/div>\n\n\n\n<div class=\"wp-block-file\"><a id=\"wp-block-file--media-eb3cc058-b1c9-4a3d-9794-9478e75936b8\" href=\"https:\/\/iesmarchetti-tuc.infd.edu.ar\/sitio\/wp-content\/uploads\/2022\/03\/Disposicion-N\u00b001-2021-DESyA-Transicion-RAME.pdf\">Disposicion-N\u00b001-2021-DESyA-Transicion-RAME<\/a><a href=\"https:\/\/iesmarchetti-tuc.infd.edu.ar\/sitio\/wp-content\/uploads\/2022\/03\/Disposicion-N\u00b001-2021-DESyA-Transicion-RAME.pdf\" class=\"wp-block-file__button wp-element-button\" download aria-describedby=\"wp-block-file--media-eb3cc058-b1c9-4a3d-9794-9478e75936b8\">Descarga<\/a><\/div>\n\n\n\n<div class=\"wp-block-file\"><a id=\"wp-block-file--media-ac9e6af9-4db5-4fef-a922-65ca52420074\" href=\"https:\/\/iesmarchetti-tuc.infd.edu.ar\/sitio\/wp-content\/uploads\/2022\/03\/Disposicion-N\u00b0-02-21-DESyA.pdf\">Disposicion-N\u00b0-02-21-DESyA<\/a><a href=\"https:\/\/iesmarchetti-tuc.infd.edu.ar\/sitio\/wp-content\/uploads\/2022\/03\/Disposicion-N\u00b0-02-21-DESyA.pdf\" class=\"wp-block-file__button wp-element-button\" download aria-describedby=\"wp-block-file--media-ac9e6af9-4db5-4fef-a922-65ca52420074\">Descarga<\/a><\/div>\n\n\n\n<div class=\"wp-block-file\"><a id=\"wp-block-file--media-72edb834-c17a-463f-9400-b8cd1eda6b3f\" href=\"https:\/\/iesmarchetti-tuc.infd.edu.ar\/sitio\/wp-content\/uploads\/2022\/02\/ROM.pdf\">ROM<\/a><a href=\"https:\/\/iesmarchetti-tuc.infd.edu.ar\/sitio\/wp-content\/uploads\/2022\/02\/ROM.pdf\" class=\"wp-block-file__button wp-element-button\" download aria-describedby=\"wp-block-file--media-72edb834-c17a-463f-9400-b8cd1eda6b3f\">Descarga<\/a><\/div>\n\n\n\n<p>Acuerdo de Convivencia <a rel=\"noreferrer noopener\" href=\"https:\/\/drive.google.com\/file\/d\/1Wz0A-0mCHyuUEJrFW_hwoj5AfPxqFSlT\/view?usp=sharing\" data-type=\"URL\" data-id=\"https:\/\/drive.google.com\/file\/d\/1Wz0A-0mCHyuUEJrFW_hwoj5AfPxqFSlT\/view?usp=sharing\" target=\"_blank\">https:\/\/drive.google.com\/file\/d\/1Wz0A-0mCHyuUEJrFW_hwoj5AfPxqFSlT\/view?usp=sharing<\/a><\/p>\n\n\n\n<div class=\"wp-block-file\"><a id=\"wp-block-file--media-d6afbafb-fd25-409f-a4b0-6704e6c00624\" href=\"https:\/\/iesmarchetti-tuc.infd.edu.ar\/sitio\/wp-content\/uploads\/2022\/03\/Como-ingresar-al-campus-el-ies-marchetti.pdf\">Como-ingresar-al-campus-el-ies-marchetti<\/a><a href=\"https:\/\/iesmarchetti-tuc.infd.edu.ar\/sitio\/wp-content\/uploads\/2022\/03\/Como-ingresar-al-campus-el-ies-marchetti.pdf\" class=\"wp-block-file__button wp-element-button\" download aria-describedby=\"wp-block-file--media-d6afbafb-fd25-409f-a4b0-6704e6c00624\">Descarga<\/a><\/div>\n\n\n\n<p>Tutoriales campus <a href=\"https:\/\/red.infd.edu.ar\/video-tutoriales-del-campus\/\" target=\"_blank\" rel=\"noreferrer noopener\">https:\/\/red.infd.edu.ar\/video-tutoriales-del-campus\/<\/a><\/p>\n\n\n\n<div class=\"wp-block-file\"><a id=\"wp-block-file--media-d7fbb204-5700-4ae5-9c9c-e25d998aee70\" href=\"https:\/\/iesmarchetti-tuc.infd.edu.ar\/sitio\/wp-content\/uploads\/2022\/03\/Como-inscribirse-en-las-aulas.pdf\">Como-inscribirse-en-las-aulas<\/a><a href=\"https:\/\/iesmarchetti-tuc.infd.edu.ar\/sitio\/wp-content\/uploads\/2022\/03\/Como-inscribirse-en-las-aulas.pdf\" class=\"wp-block-file__button wp-element-button\" download aria-describedby=\"wp-block-file--media-d7fbb204-5700-4ae5-9c9c-e25d998aee70\">Descarga<\/a><\/div>\n\n\n\n<div class=\"wp-block-file\"><a id=\"wp-block-file--media-ddbe3ef1-e67f-4b2d-b95b-1f74949e6006\" href=\"https:\/\/iesmarchetti-tuc.infd.edu.ar\/sitio\/wp-content\/uploads\/2022\/10\/MATERIAS-PROMOCIONALES-2022-1.pdf\">MATERIAS-PROMOCIONALES-2022-1<\/a><a href=\"https:\/\/iesmarchetti-tuc.infd.edu.ar\/sitio\/wp-content\/uploads\/2022\/10\/MATERIAS-PROMOCIONALES-2022-1.pdf\" class=\"wp-block-file__button wp-element-button\" download aria-describedby=\"wp-block-file--media-ddbe3ef1-e67f-4b2d-b95b-1f74949e6006\">Descarga<\/a><\/div>\n\n\n\n<p><a href=\"https:\/\/iesmarchetti-tuc.infd.edu.ar\/sitio\/wp-content\/uploads\/2022\/12\/Disposicion-N%C2%B0-09_2022-DESyA-Condiciones-de-cursado-de-las-Practicas.pdf\">Disposicion-N\u00b0-09_2022-DESyA-Condiciones-de-cursado-de-las-PracticasDescarga<\/a><\/p>\n\n\n\n<p><a href=\"https:\/\/iesmarchetti-tuc.infd.edu.ar\/sitio\/wp-content\/uploads\/2022\/12\/Disposicion-N%C2%B0-12_2022-DESyA-Condiciones-de-cursado-de-las-Practicas.pdf\">Disposicion-N\u00b0-12_2022-DESyA-Condiciones-de-cursado-de-las-PracticasDescarga<\/a><\/p>\n<\/div><\/div>\n\n\n\n<p><\/p>\n","protected":false},"excerpt":{"rendered":"<p>INICIO 2DO CUATRIMESTRE 16 DE AGOSTO DE 2022. REINSCRIPCI\u00d3N&nbsp;MATERIAS DEL 2DO CUATRIMESTRE&nbsp;DEL 16\/08\/2022 AL 17\/08\/2022 La reinscripci\u00f3n es para los espacios curriculares del 2do cuatrimestre (no anuales) para l@s alumn@s inscriptos en tiempo y forma a principio de a\u00f1o y con seguro escolar. Profesorado en Educaci\u00f3n Especial https:\/\/forms.gle\/hrXG3ZkuP66rKX6eA Profesorado en F\u00edsica https:\/\/forms.gle\/ELMFex6HPdUxgnGn9 Profesorado en Educaci\u00f3n &#8230; <a title=\"HISTORIAL INFORMACI\u00d3N PARA ALUMNOS 2022\" class=\"read-more\" href=\"https:\/\/iesmarchetti-tuc.infd.edu.ar\/sitio\/informacion-para-alumnos\/\" aria-label=\"More on HISTORIAL INFORMACI\u00d3N PARA ALUMNOS 2022\">[+]<\/a><\/p>\n","protected":false},"author":7,"featured_media":0,"parent":0,"menu_order":0,"comment_status":"closed","ping_status":"closed","template":"","meta":[],"acf":[],"_links":{"self":[{"href":"https:\/\/iesmarchetti-tuc.infd.edu.ar\/sitio\/wp-json\/wp\/v2\/pages\/1258"}],"collection":[{"href":"https:\/\/iesmarchetti-tuc.infd.edu.ar\/sitio\/wp-json\/wp\/v2\/pages"}],"about":[{"href":"https:\/\/iesmarchetti-tuc.infd.edu.ar\/sitio\/wp-json\/wp\/v2\/types\/page"}],"author":[{"embeddable":true,"href":"https:\/\/iesmarchetti-tuc.infd.edu.ar\/sitio\/wp-json\/wp\/v2\/users\/7"}],"replies":[{"embeddable":true,"href":"https:\/\/iesmarchetti-tuc.infd.edu.ar\/sitio\/wp-json\/wp\/v2\/comments?post=1258"}],"version-history":[{"count":75,"href":"https:\/\/iesmarchetti-tuc.infd.edu.ar\/sitio\/wp-json\/wp\/v2\/pages\/1258\/revisions"}],"predecessor-version":[{"id":5493,"href":"https:\/\/iesmarchetti-tuc.infd.edu.ar\/sitio\/wp-json\/wp\/v2\/pages\/1258\/revisions\/5493"}],"wp:attachment":[{"href":"https:\/\/iesmarchetti-tuc.infd.edu.ar\/sitio\/wp-json\/wp\/v2\/media?parent=1258"}],"curies":[{"name":"wp","href":"https:\/\/api.w.org\/{rel}","templated":true}]}}